{"id":876,"date":"2017-07-21T13:54:33","date_gmt":"2017-07-21T16:54:33","guid":{"rendered":"http:\/\/editora.ufrrj.br\/?post_type=product&#038;p=876"},"modified":"2023-07-14T09:54:27","modified_gmt":"2023-07-14T12:54:27","slug":"guia-do-autor","status":"publish","type":"product","link":"https:\/\/editora.ufrrj.br\/portal\/produto\/guia-do-autor\/","title":{"rendered":"Guia do Autor"},"content":{"rendered":"<p>Este\u00a0guia\u00a0presta-se a apresentar o perfil editorial da Edur, servindo de refer\u00eancia a autores interessados em submeter seus originais, e esclarecer outras d\u00favidas referentes ao processo editorial. Seu objetivo \u00e9 apresentar o padr\u00e3o de normatiza\u00e7\u00e3o de originais adotado pela Edur, auxiliando, assim, os autores a adequarem suas obras aos crit\u00e9rios de aprecia\u00e7\u00e3o definidos pelo Conselho Editorial da Edur.<\/p>\n<p>Organizador:\u00a0Tania Mikaela Garcia Roberto<\/p>\n<p>ISBN: 978-85-8067-080-6<\/p>\n<p>Ano 2016<\/p>\n","protected":false},"excerpt":{"rendered":"<p>Organizador:\u00a0Tania Mikaela Garcia Roberto<\/p>\n","protected":false},"featured_media":878,"template":"","meta":{"_acf_changed":false},"product_brand":[],"product_cat":[59],"product_tag":[],"class_list":{"0":"post-876","1":"product","2":"type-product","3":"status-publish","4":"has-post-thumbnail","6":"product_cat-ebooks","8":"first","9":"instock","10":"featured","11":"shipping-taxable","12":"purchasable","13":"product-type-variable"},"acf":[],"_links":{"self":[{"href":"https:\/\/editora.ufrrj.br\/portal\/wp-json\/wp\/v2\/product\/876","targetHints":{"allow":["GET"]}}],"collection":[{"href":"https:\/\/editora.ufrrj.br\/portal\/wp-json\/wp\/v2\/product"}],"about":[{"href":"https:\/\/editora.ufrrj.br\/portal\/wp-json\/wp\/v2\/types\/product"}],"wp:featuredmedia":[{"embeddable":true,"href":"https:\/\/editora.ufrrj.br\/portal\/wp-json\/wp\/v2\/media\/878"}],"wp:attachment":[{"href":"https:\/\/editora.ufrrj.br\/portal\/wp-json\/wp\/v2\/media?parent=876"}],"wp:term":[{"taxonomy":"product_brand","embeddable":true,"href":"https:\/\/editora.ufrrj.br\/portal\/wp-json\/wp\/v2\/product_brand?post=876"},{"taxonomy":"product_cat","embeddable":true,"href":"https:\/\/editora.ufrrj.br\/portal\/wp-json\/wp\/v2\/product_cat?post=876"},{"taxonomy":"product_tag","embeddable":true,"href":"https:\/\/editora.ufrrj.br\/portal\/wp-json\/wp\/v2\/product_tag?post=876"}],"curies":[{"name":"wp","href":"https:\/\/api.w.org\/{rel}","templated":true}]}}