{"id":7322,"date":"2025-03-18T10:53:18","date_gmt":"2025-03-18T13:53:18","guid":{"rendered":"https:\/\/editora.ufrrj.br\/portal\/?post_type=product&#038;p=7322"},"modified":"2025-03-18T10:53:18","modified_gmt":"2025-03-18T13:53:18","slug":"assistencia-e-permanencia-estudantil-experiencias-de-promocao-e-prevencao-das-ifes","status":"publish","type":"product","link":"https:\/\/editora.ufrrj.br\/portal\/produto\/assistencia-e-permanencia-estudantil-experiencias-de-promocao-e-prevencao-das-ifes\/","title":{"rendered":"ASSIST\u00caNCIA E  PERMAN\u00caNCIA  ESTUDANTIL:  EXPERI\u00caNCIAS  DE PROMO\u00c7\u00c3O E  PREVEN\u00c7\u00c3O DAS IFES"},"content":{"rendered":"<p><span style=\"font-family: verdana, sans-serif;\">O ebook contou a participa\u00e7\u00e3o de 10 (dez) institui\u00e7\u00f5es p\u00fablicas do ensino superior resultando em 195 (cento e noventa e cinco) contribui\u00e7\u00f5es que foram distribu\u00eddas nos eixos do Programa Nacional de\u00a0<span class=\"il\">Assist\u00eancia<\/span>\u00a0Estudantil &#8211; PNAES.\u00a0\u00a0O ebook foi organizado por eixo do PNAES, com isso, obteve-se: eixo I &#8211; moradia estudantil 15 contribui\u00e7\u00f5es listadas; eixo II &#8211; alimenta\u00e7\u00e3o, 19; eixo III &#8211; transporte, 10; eixo IV &#8211; aten\u00e7\u00e3o \u00e0 sa\u00fade, 104 ; eixo V &#8211; inclus\u00e3o digital, 11; eixo VI &#8211; cultura, 44; eixo VII &#8211; esporte, 25; eixo VIII &#8211; creche, 10; eixo IX &#8211; apoio pedag\u00f3gico, 47; eixo X &#8211; acesso, participa\u00e7\u00e3o e aprendizagem de estudantes com defici\u00eancia, transtornos globais do desenvolvimento e altas habilidades e superdota\u00e7\u00e3o, 28 atividades. Vinte e duas (22) contribui\u00e7\u00f5es n\u00e3o foram inseridas em nenhum desses eixos, em vista disso criou-se um eixo adicional para contempl\u00e1-las, denominado\u00a0Outros.\u00a0\u00a0As contribui\u00e7\u00f5es contempladas em mais de um eixo,\u00a0foram enquadradas numa categoria adicional denominada\u00a0Multi Eixos,\u00a0para evitar sobreposi\u00e7\u00e3o de informa\u00e7\u00f5es.\u00a0<\/span>O ebook representa\u00a0uma das poucas refer\u00eancias, se n\u00e3o a \u00fanica, com materiais que podem apoiar a\u00a0<span class=\"il\">perman\u00eancia<\/span>\u00a0estudantil via qualifica\u00e7\u00e3o de profissionais e servi\u00e7os de apoio. E espera-se que ele<span id=\"m_7462140155376071496gmail-docs-internal-guid-60a18256-7fff-be5f-d698-6e1e4c3953c9\">\u00a0possa contribuir com outros trabalhos e pesquisas na \u00e1rea, bem com a forma\u00e7\u00e3o das equipes e profissionais de apoio, al\u00e9m de contribuir com a\u00a0<span class=\"il\">perman\u00eancia<\/span>\u00a0qualificada do\/da estudante no ensino superior, e<\/span>\u00a0principalmente, para a constru\u00e7\u00e3o de um ensino p\u00fablico de qualidade pautado, tamb\u00e9m, pela prioriza\u00e7\u00e3o do bem-estar, da promo\u00e7\u00e3o da sa\u00fade e da qualidade de vida.<\/p>\n<p>Alessandra Ramada da Matta, Aid\u00ea Cristina Silva Teixeira, Aparecida Beatriz de Oliveira, Juliana Rosa Molina de Oliveira e Maria Tereza Naves Agrello (Organizadoras)<\/p>\n<p>ISBN 978-65-86859-51-5<\/p>\n<p>ANO: 2025<\/p>\n<p>1\u00aa Edi\u00e7\u00e3o<\/p>\n","protected":false},"excerpt":{"rendered":"<p>O ebook contou a participa\u00e7\u00e3o de 10 (dez) institui\u00e7\u00f5es p\u00fablicas do ensino superior resultando em 195 (cento e noventa e cinco) contribui\u00e7\u00f5es que foram distribu\u00eddas nos eixos do Programa Nacional de\u00a0Assist\u00eancia\u00a0Estudantil &#8211; PNAES.\u00a0\u00a0O ebook foi organizado por eixo do PNAES, com isso, obteve-se: eixo I &#8211; moradia estudantil 15 contribui\u00e7\u00f5es listadas; eixo II &#8211; alimenta\u00e7\u00e3o, [&hellip;]<\/p>\n","protected":false},"featured_media":7323,"template":"","meta":{"_acf_changed":false},"product_brand":[],"product_cat":[23,59,22,10,90],"product_tag":[710,147,712,711],"class_list":{"0":"post-7322","1":"product","2":"type-product","3":"status-publish","4":"has-post-thumbnail","6":"product_cat-ciencias-sociais-e-politicas","7":"product_cat-ebooks","8":"product_cat-educacao","9":"product_cat-lancamento","10":"product_cat-outras-publicacoes","11":"product_tag-assistencia-estudantil","12":"product_tag-educacao","13":"product_tag-instituicoes-federais-de-ensino-superior","14":"product_tag-permanencia-estudantil","16":"first","17":"instock","18":"downloadable","19":"virtual","20":"purchasable","21":"product-type-simple"},"acf":[],"_links":{"self":[{"href":"https:\/\/editora.ufrrj.br\/portal\/wp-json\/wp\/v2\/product\/7322","targetHints":{"allow":["GET"]}}],"collection":[{"href":"https:\/\/editora.ufrrj.br\/portal\/wp-json\/wp\/v2\/product"}],"about":[{"href":"https:\/\/editora.ufrrj.br\/portal\/wp-json\/wp\/v2\/types\/product"}],"wp:featuredmedia":[{"embeddable":true,"href":"https:\/\/editora.ufrrj.br\/portal\/wp-json\/wp\/v2\/media\/7323"}],"wp:attachment":[{"href":"https:\/\/editora.ufrrj.br\/portal\/wp-json\/wp\/v2\/media?parent=7322"}],"wp:term":[{"taxonomy":"product_brand","embeddable":true,"href":"https:\/\/editora.ufrrj.br\/portal\/wp-json\/wp\/v2\/product_brand?post=7322"},{"taxonomy":"product_cat","embeddable":true,"href":"https:\/\/editora.ufrrj.br\/portal\/wp-json\/wp\/v2\/product_cat?post=7322"},{"taxonomy":"product_tag","embeddable":true,"href":"https:\/\/editora.ufrrj.br\/portal\/wp-json\/wp\/v2\/product_tag?post=7322"}],"curies":[{"name":"wp","href":"https:\/\/api.w.org\/{rel}","templated":true}]}}