{"id":6674,"date":"2024-09-09T11:19:00","date_gmt":"2024-09-09T14:19:00","guid":{"rendered":"https:\/\/editora.ufrrj.br\/portal\/?post_type=product&#038;p=6674"},"modified":"2024-09-09T11:19:00","modified_gmt":"2024-09-09T14:19:00","slug":"atualidades-sobre-mediacao-de-conflitos-multiplas-aplicacoes-e-perspectivas","status":"publish","type":"product","link":"https:\/\/editora.ufrrj.br\/portal\/produto\/atualidades-sobre-mediacao-de-conflitos-multiplas-aplicacoes-e-perspectivas\/","title":{"rendered":"Atualidades sobre Media\u00e7\u00e3o de Conflitos: M\u00faltiplas Aplica\u00e7\u00f5es e Perspectivas"},"content":{"rendered":"<p>Esta colet\u00e2nea \u00e9 um dos resultados concretos das atividades desenvolvidas pela equipe do Laborat\u00f3rio de Pr\u00e1ticas Consensuais de Administra\u00e7\u00e3o de Conflitos do N\u00facleo de Pr\u00e1tica Jur\u00eddica (NPJ) do Instituto Tr\u00eas Rios (ITR) da Universidade Federal Rural do Rio de Janeiro (UFRRJ), ligado ao curso de Direito do Departamento de Direito, Humanidades e Letras do ITR\/UFRRJ<\/p>\n<p>Organizadores: Klever Paulo Leal Filpo e \u00c9rica Guerra da Silva<\/p>\n<p>ISBN: 978-65-86859-40-9<\/p>\n<p>ANO: 2024<\/p>\n<p>1\u00ba Edi\u00e7\u00e3o<\/p>\n","protected":false},"excerpt":{"rendered":"<p>Esta colet\u00e2nea \u00e9 um dos resultados concretos das atividades desenvolvidas pela equipe do Laborat\u00f3rio de Pr\u00e1ticas Consensuais de Administra\u00e7\u00e3o de Conflitos do N\u00facleo de Pr\u00e1tica Jur\u00eddica (NPJ) do Instituto Tr\u00eas Rios (ITR) da Universidade Federal Rural do Rio de Janeiro (UFRRJ), ligado ao curso de Direito do Departamento de Direito, Humanidades e Letras do ITR\/UFRRJ [&hellip;]<\/p>\n","protected":false},"featured_media":6675,"template":"","meta":{"_acf_changed":false},"product_brand":[],"product_cat":[703,23,702,59,10],"product_tag":[154,139,157,694],"class_list":{"0":"post-6674","1":"product","2":"type-product","3":"status-publish","4":"has-post-thumbnail","6":"product_cat-ciencias-sociais-aplicadas","7":"product_cat-ciencias-sociais-e-politicas","8":"product_cat-direito","9":"product_cat-ebooks","10":"product_cat-lancamento","11":"product_tag-ciencias-humanas","12":"product_tag-ciencias-sociais","13":"product_tag-e-book","14":"product_tag-lancamentos","16":"first","17":"instock","18":"downloadable","19":"virtual","20":"purchasable","21":"product-type-simple"},"acf":[],"_links":{"self":[{"href":"https:\/\/editora.ufrrj.br\/portal\/wp-json\/wp\/v2\/product\/6674","targetHints":{"allow":["GET"]}}],"collection":[{"href":"https:\/\/editora.ufrrj.br\/portal\/wp-json\/wp\/v2\/product"}],"about":[{"href":"https:\/\/editora.ufrrj.br\/portal\/wp-json\/wp\/v2\/types\/product"}],"wp:featuredmedia":[{"embeddable":true,"href":"https:\/\/editora.ufrrj.br\/portal\/wp-json\/wp\/v2\/media\/6675"}],"wp:attachment":[{"href":"https:\/\/editora.ufrrj.br\/portal\/wp-json\/wp\/v2\/media?parent=6674"}],"wp:term":[{"taxonomy":"product_brand","embeddable":true,"href":"https:\/\/editora.ufrrj.br\/portal\/wp-json\/wp\/v2\/product_brand?post=6674"},{"taxonomy":"product_cat","embeddable":true,"href":"https:\/\/editora.ufrrj.br\/portal\/wp-json\/wp\/v2\/product_cat?post=6674"},{"taxonomy":"product_tag","embeddable":true,"href":"https:\/\/editora.ufrrj.br\/portal\/wp-json\/wp\/v2\/product_tag?post=6674"}],"curies":[{"name":"wp","href":"https:\/\/api.w.org\/{rel}","templated":true}]}}

Atualidades sobre Mediação de Conflitos: Múltiplas Aplicações e Perspectivas

<p>Esta coletânea é um dos resultados concretos das atividades desenvolvidas pela equipe do Laboratório de Práticas Consensuais de Administração de Conflitos do Núcleo de Prática Jurídica (NPJ) do Instituto Três Rios (ITR) da Universidade Federal Rural do Rio de Janeiro (UFRRJ), ligado ao curso de Direito do Departamento de Direito, Humanidades e Letras do ITR/UFRRJ</p>
<p>Organizadores: Klever Paulo Leal Filpo e Érica Guerra da Silva</p>
<p>ISBN: 978-65-86859-40-9</p>
<p>ANO: 2024</p>
<p>1º Edição</p>

<p>Esta coletânea é um dos resultados concretos das atividades desenvolvidas pela equipe do Laboratório de Práticas Consensuais de Administração de Conflitos do Núcleo de Prática Jurídica (NPJ) do Instituto Três Rios (ITR) da Universidade Federal Rural do Rio de Janeiro (UFRRJ), ligado ao curso de Direito do Departamento de Direito, Humanidades e Letras do ITR/UFRRJ [&hellip;]</p>
