{"id":6627,"date":"2024-06-13T17:24:52","date_gmt":"2024-06-13T20:24:52","guid":{"rendered":"https:\/\/editora.ufrrj.br\/portal\/?post_type=product&#038;p=6627"},"modified":"2025-10-30T11:10:08","modified_gmt":"2025-10-30T14:10:08","slug":"jaqueline-a-abelhinha-travessa","status":"publish","type":"product","link":"https:\/\/editora.ufrrj.br\/portal\/produto\/jaqueline-a-abelhinha-travessa\/","title":{"rendered":"Jaqueline, a abelhinha travessa"},"content":{"rendered":"<p>\u201cJaqueline \u00e9 uma abelhinha. Mas sobre ela \u00e9 imposs\u00edvel dizer que \u00e9 mais uma na colmeia. Todo dia, enquanto voava entre as flores, colhendo p\u00f3len, fabricando mel, Jaqueline se imaginava vivendo outra vida. Porque a vida de uma abelha \u00e9 repleta de trabalho. E Jaqueline sonhava com uma vida repleta de aventuras\u201d.<\/p>\n<p>\u201cUma vida repleta de aventuras\u201d enquanto sonho da abelhinha Jaqueline reflete a narrativa dessa obra infantil, que aborda a constru\u00e7\u00e3o de um mundo de artes, cujo \u201cmel que se produz naquele lugar&#8230; N\u00e3o tem mais doce no mundo\u201d.<\/p>\n<p>Autor: M\u00e1rio Newman<\/p>\n<p>ISBN: 978-65-86859-38-6<\/p>\n<p>Ano: 2024<\/p>\n<p>1\u00aa Edi\u00e7\u00e3o<\/p>\n","protected":false},"excerpt":{"rendered":"<p>\u201cJaqueline \u00e9 uma abelhinha. Mas sobre ela \u00e9 imposs\u00edvel dizer que \u00e9 mais uma na colmeia. Todo dia, enquanto voava entre as flores, colhendo p\u00f3len, fabricando mel, Jaqueline se imaginava vivendo outra vida. Porque a vida de uma abelha \u00e9 repleta de trabalho. E Jaqueline sonhava com uma vida repleta de aventuras\u201d. \u201cUma vida repleta [&hellip;]<\/p>\n","protected":false},"featured_media":6633,"template":"","meta":{"_acf_changed":false},"product_brand":[],"product_cat":[78,59,22,18,10,53],"product_tag":[701,157,694],"class_list":{"0":"post-6627","1":"product","2":"type-product","3":"status-publish","4":"has-post-thumbnail","6":"product_cat-artes","7":"product_cat-ebooks","8":"product_cat-educacao","9":"product_cat-infanto-juvenil","10":"product_cat-lancamento","11":"product_cat-literatura-area","12":"product_tag-artes","13":"product_tag-e-book","14":"product_tag-lancamentos","16":"first","17":"instock","18":"downloadable","19":"virtual","20":"purchasable","21":"product-type-simple"},"acf":[],"_links":{"self":[{"href":"https:\/\/editora.ufrrj.br\/portal\/wp-json\/wp\/v2\/product\/6627","targetHints":{"allow":["GET"]}}],"collection":[{"href":"https:\/\/editora.ufrrj.br\/portal\/wp-json\/wp\/v2\/product"}],"about":[{"href":"https:\/\/editora.ufrrj.br\/portal\/wp-json\/wp\/v2\/types\/product"}],"wp:featuredmedia":[{"embeddable":true,"href":"https:\/\/editora.ufrrj.br\/portal\/wp-json\/wp\/v2\/media\/6633"}],"wp:attachment":[{"href":"https:\/\/editora.ufrrj.br\/portal\/wp-json\/wp\/v2\/media?parent=6627"}],"wp:term":[{"taxonomy":"product_brand","embeddable":true,"href":"https:\/\/editora.ufrrj.br\/portal\/wp-json\/wp\/v2\/product_brand?post=6627"},{"taxonomy":"product_cat","embeddable":true,"href":"https:\/\/editora.ufrrj.br\/portal\/wp-json\/wp\/v2\/product_cat?post=6627"},{"taxonomy":"product_tag","embeddable":true,"href":"https:\/\/editora.ufrrj.br\/portal\/wp-json\/wp\/v2\/product_tag?post=6627"}],"curies":[{"name":"wp","href":"https:\/\/api.w.org\/{rel}","templated":true}]}}