{"id":5277,"date":"2023-03-22T11:11:15","date_gmt":"2023-03-22T14:11:15","guid":{"rendered":"https:\/\/editora.ufrrj.br\/?post_type=product&#038;p=5277"},"modified":"2023-05-15T14:25:07","modified_gmt":"2023-05-15T17:25:07","slug":"a-violencia-no-brasil-uma-perspectiva-historica","status":"publish","type":"product","link":"https:\/\/editora.ufrrj.br\/portal\/produto\/a-violencia-no-brasil-uma-perspectiva-historica\/","title":{"rendered":"A viol\u00eancia no Brasil: uma perspectiva hist\u00f3rica"},"content":{"rendered":"<p>&#8220;\u00c9 uma fal\u00e1cia a ser evitada a defini\u00e7\u00e3o de um contraste entre a inseguran\u00e7a que marca a viv\u00eancia cotidiana do brasileiro e a exist\u00eancia de um passado id\u00edlico, no qual as pessoas viviam em seguran\u00e7a e do qual a viol\u00eancia e a criminalidade estavam virtualmente ausentes; uma esp\u00e9cie de para\u00edso perdido, anterior ao surgimento das metr\u00f3poles contempor\u00e2neas, marcado por cidades de pequeno e m\u00e9dio porte das quais o tr\u00e1fico de drogas, por exemplo, estava ausente. N\u00e3o \u00e9 assim, nunca foi assim. O que tivemos, historicamente, pelo contr\u00e1rio, foi a exist\u00eancia de padr\u00f5es de conviv\u00eancia e sociabilidade marcados pela inseguran\u00e7a e pelo uso cotidiano da viol\u00eancia; por parte de opressores em rela\u00e7\u00e3o aos oprimidos, de policiais perante bandidos e cidad\u00e3os, mas tamb\u00e9m de pobres, oprimidos e miser\u00e1veis \u2013 a categoria que melhor couber, no caso \u2013 entre si. Tais padr\u00f5es foram instalados j\u00e1 na Am\u00e9rica Portuguesa e sofreram diversas transforma\u00e7\u00f5es hist\u00f3ricas, em que pese o mito j\u00e1 inteiramente desacreditado da cordialidade do brasileiro&#8221;<\/p>\n<p>&nbsp;<\/p>\n<p>A viol\u00eancia no Brasil: uma perspectiva hist\u00f3rica<\/p>\n<p>Ricardo Luiz de Souza<\/p>\n<p>ISBN:\u00a0978-65-86859-29-4<\/p>\n<p>2023<\/p>\n<p>1\u00ba Edi\u00e7\u00e3o<\/p>\n","protected":false},"excerpt":{"rendered":"<p>Ricardo Luiz de Souza (Autor)<\/p>\n","protected":false},"featured_media":5280,"template":"","meta":{"_acf_changed":false},"product_brand":[],"product_cat":[23,59,19,10],"product_tag":[],"class_list":{"0":"post-5277","1":"product","2":"type-product","3":"status-publish","4":"has-post-thumbnail","6":"product_cat-ciencias-sociais-e-politicas","7":"product_cat-ebooks","8":"product_cat-historia","9":"product_cat-lancamento","11":"first","12":"instock","13":"featured","14":"shipping-taxable","15":"purchasable","16":"product-type-variable"},"acf":[],"_links":{"self":[{"href":"https:\/\/editora.ufrrj.br\/portal\/wp-json\/wp\/v2\/product\/5277","targetHints":{"allow":["GET"]}}],"collection":[{"href":"https:\/\/editora.ufrrj.br\/portal\/wp-json\/wp\/v2\/product"}],"about":[{"href":"https:\/\/editora.ufrrj.br\/portal\/wp-json\/wp\/v2\/types\/product"}],"wp:featuredmedia":[{"embeddable":true,"href":"https:\/\/editora.ufrrj.br\/portal\/wp-json\/wp\/v2\/media\/5280"}],"wp:attachment":[{"href":"https:\/\/editora.ufrrj.br\/portal\/wp-json\/wp\/v2\/media?parent=5277"}],"wp:term":[{"taxonomy":"product_brand","embeddable":true,"href":"https:\/\/editora.ufrrj.br\/portal\/wp-json\/wp\/v2\/product_brand?post=5277"},{"taxonomy":"product_cat","embeddable":true,"href":"https:\/\/editora.ufrrj.br\/portal\/wp-json\/wp\/v2\/product_cat?post=5277"},{"taxonomy":"product_tag","embeddable":true,"href":"https:\/\/editora.ufrrj.br\/portal\/wp-json\/wp\/v2\/product_tag?post=5277"}],"curies":[{"name":"wp","href":"https:\/\/api.w.org\/{rel}","templated":true}]}}

A violência no Brasil: uma perspectiva histórica

<p>&#8220;É uma falácia a ser evitada a definição de um contraste entre a insegurança que marca a vivência cotidiana do brasileiro e a existência de um passado idílico, no qual as pessoas viviam em segurança e do qual a violência e a criminalidade estavam virtualmente ausentes; uma espécie de paraíso perdido, anterior ao surgimento das metrópoles contemporâneas, marcado por cidades de pequeno e médio porte das quais o tráfico de drogas, por exemplo, estava ausente. Não é assim, nunca foi assim. O que tivemos, historicamente, pelo contrário, foi a existência de padrões de convivência e sociabilidade marcados pela insegurança e pelo uso cotidiano da violência; por parte de opressores em relação aos oprimidos, de policiais perante bandidos e cidadãos, mas também de pobres, oprimidos e miseráveis – a categoria que melhor couber, no caso – entre si. Tais padrões foram instalados já na América Portuguesa e sofreram diversas transformações históricas, em que pese o mito já inteiramente desacreditado da cordialidade do brasileiro&#8221;</p>
<p>&nbsp;</p>
<p>A violência no Brasil: uma perspectiva histórica</p>
<p>Ricardo Luiz de Souza</p>
<p>ISBN: 978-65-86859-29-4</p>
<p>2023</p>
<p>1º Edição</p>
