{"id":516,"date":"2016-09-02T19:01:14","date_gmt":"2016-09-02T22:01:14","guid":{"rendered":"http:\/\/editora.ufrrj.br\/?post_type=product&#038;p=516"},"modified":"2023-07-26T09:56:37","modified_gmt":"2023-07-26T12:56:37","slug":"bioinformacao-do-processo-de-lignificacao","status":"publish","type":"product","link":"https:\/\/editora.ufrrj.br\/portal\/produto\/bioinformacao-do-processo-de-lignificacao\/","title":{"rendered":"Bioinforma\u00e7\u00e3o do Processo de Lignifica\u00e7\u00e3o"},"content":{"rendered":"<p>Recentemente, pesquisadores descobriram a presen\u00e7a da lignina em algas vermelhas Calliarthron cheilosporioides, o que reabre novos questionamentos sobre a evolu\u00e7\u00e3o e a origem dessa intrigante classe de subst\u00e2ncia. A discuss\u00e3o acad\u00eamica sobre a exist\u00eancia de lignina nas faner\u00f3gamas revela uma s\u00e9rie de par\u00e2metros que sustentam hip\u00f3teses d\u00favidas sobre a evolu\u00e7\u00e3o da lignina, por exemplo, em pterid\u00f3fitas, gimnospermas e angiospermas. As t\u00e9cnicas modernas de manipula\u00e7\u00e3o gen\u00e9tica e de an\u00e1lises , levaram a algumas novas considera\u00e7\u00f5es no processo de lignifica\u00e7\u00e3o. A composi\u00e7\u00e3o qu\u00edmica da lignina, sua estrutura molecular, seu modelo supramolecular, suas propriedades fractais e experi\u00eancias nanom\u00e9tricas intrigam ainda os cientista, sendo alvo de diversos artigos publicados. Teorias sobre a participa\u00e7\u00e3o de prote\u00ednas na forma\u00e7\u00e3o da lignina tamb\u00e9m mostram um amplo campo de estudos que ainda necessita ser mais explorado. O livro &#8220;Bioinforma\u00e7\u00e3o do Processo de Lignifica\u00e7\u00e3o&#8221; \u00e9 constitu\u00eddo de resumida demonstra\u00e7\u00e3o apoiado em excelentes bibliografias sobre o tema. Entretanto, os resultados e conceitos aqui mencionados foram tamb\u00e9m apoiados em pesquisas do grupo de Qu\u00edmica e Bioqu\u00edmica da Lignifica\u00e7\u00e3o do Departamento de Produtos Florestais do Instituto de Floresta da Universidade Federal Rural do Rio de Janeiro, que em suma, revela e acredita as pontos afirmativos sobre a lignifica\u00e7\u00e3o, principalmente apoiado em recentes trabalhos do Laborat\u00f3rio de Biotecnologia da Madeira\/DPF\/IF\/UFRRJ, referidos em monografias, disserta\u00e7\u00f5es, teses e artigos cient\u00edficos publicados. Isso mostra a possibilidades de avan\u00e7os e ganhos em diversas \u00e1reas do conhecimento, todavia muito a renegam pela sua alta complexidade. O livro atender\u00e1 a docentes, discentes e pesquisadores das \u00e1reas Florestais e afins, j\u00e1 que os conhecimentos produzidos sobre esse assunto na maioria das vezes impactam positivamente a Ind\u00fastria de Base Florestal, assumindo papel relevante, sobretudo na produ\u00e7\u00e3o de celulose.<\/p>\n<p>Autores: Regina Paula Willemen Pereira, Maria Beatriz de Oliviera Monteiro e Heber dos Santos Abreu<\/p>\n<p>ISBN: 978-85-8067-018-9<\/p>\n<p>Ano, P\u00e1g.: 2012, 124p.<\/p>\n","protected":false},"excerpt":{"rendered":"<p>Autores: Regina Paula Willemen Pereira, Maria Beatriz de Oliviera Monteiro e Heber dos Santos Abreu<\/p>\n","protected":false},"featured_media":607,"template":"","meta":{"_acf_changed":false},"product_brand":[],"product_cat":[13,20],"product_tag":[],"class_list":{"0":"post-516","1":"product","2":"type-product","3":"status-publish","4":"has-post-thumbnail","6":"product_cat-agronomia","7":"product_cat-recursos-florestais","9":"first","10":"instock","11":"sale","12":"shipping-taxable","13":"purchasable","14":"product-type-simple"},"acf":[],"_links":{"self":[{"href":"https:\/\/editora.ufrrj.br\/portal\/wp-json\/wp\/v2\/product\/516","targetHints":{"allow":["GET"]}}],"collection":[{"href":"https:\/\/editora.ufrrj.br\/portal\/wp-json\/wp\/v2\/product"}],"about":[{"href":"https:\/\/editora.ufrrj.br\/portal\/wp-json\/wp\/v2\/types\/product"}],"wp:featuredmedia":[{"embeddable":true,"href":"https:\/\/editora.ufrrj.br\/portal\/wp-json\/wp\/v2\/media\/607"}],"wp:attachment":[{"href":"https:\/\/editora.ufrrj.br\/portal\/wp-json\/wp\/v2\/media?parent=516"}],"wp:term":[{"taxonomy":"product_brand","embeddable":true,"href":"https:\/\/editora.ufrrj.br\/portal\/wp-json\/wp\/v2\/product_brand?post=516"},{"taxonomy":"product_cat","embeddable":true,"href":"https:\/\/editora.ufrrj.br\/portal\/wp-json\/wp\/v2\/product_cat?post=516"},{"taxonomy":"product_tag","embeddable":true,"href":"https:\/\/editora.ufrrj.br\/portal\/wp-json\/wp\/v2\/product_tag?post=516"}],"curies":[{"name":"wp","href":"https:\/\/api.w.org\/{rel}","templated":true}]}}