{"id":492,"date":"2016-09-02T18:07:45","date_gmt":"2016-09-02T21:07:45","guid":{"rendered":"http:\/\/editora.ufrrj.br\/?post_type=product&#038;p=492"},"modified":"2023-07-26T10:19:27","modified_gmt":"2023-07-26T13:19:27","slug":"docencia-no-ensino-superior-singularidades-de-uma-experiencia-interdisciplinar","status":"publish","type":"product","link":"https:\/\/editora.ufrrj.br\/portal\/produto\/docencia-no-ensino-superior-singularidades-de-uma-experiencia-interdisciplinar\/","title":{"rendered":"Doc\u00eancia no Ensino Superior: singularidades de uma experi\u00eancia interdisciplinar"},"content":{"rendered":"<p>Autor: Helen Corr\u00eaa de Vasconcelos<\/p>\n<p>ISBN: 978-85-85720-61-2<\/p>\n<p>Ano, P\u00e1g., Peso: 2008, 246p., 450 gramas<\/p>\n<p><a href=\"http:\/\/institucional.ufrrj.br\/editora\/files\/2013\/02\/docencia2.pdf\" target=\"_blank\" rel=\"noopener\">Apresenta\u00e7\u00e3o: Doc\u00eancia no Ensino Superior<\/a><\/p>\n","protected":false},"excerpt":{"rendered":"<p>Autor: Helen Corr\u00eaa de Vasconcelos<\/p>\n","protected":false},"featured_media":627,"template":"","meta":{"_acf_changed":false},"product_brand":[],"product_cat":[22],"product_tag":[],"class_list":{"0":"post-492","1":"product","2":"type-product","3":"status-publish","4":"has-post-thumbnail","6":"product_cat-educacao","8":"first","9":"instock","10":"sale","11":"shipping-taxable","12":"purchasable","13":"product-type-simple"},"acf":[],"_links":{"self":[{"href":"https:\/\/editora.ufrrj.br\/portal\/wp-json\/wp\/v2\/product\/492","targetHints":{"allow":["GET"]}}],"collection":[{"href":"https:\/\/editora.ufrrj.br\/portal\/wp-json\/wp\/v2\/product"}],"about":[{"href":"https:\/\/editora.ufrrj.br\/portal\/wp-json\/wp\/v2\/types\/product"}],"wp:featuredmedia":[{"embeddable":true,"href":"https:\/\/editora.ufrrj.br\/portal\/wp-json\/wp\/v2\/media\/627"}],"wp:attachment":[{"href":"https:\/\/editora.ufrrj.br\/portal\/wp-json\/wp\/v2\/media?parent=492"}],"wp:term":[{"taxonomy":"product_brand","embeddable":true,"href":"https:\/\/editora.ufrrj.br\/portal\/wp-json\/wp\/v2\/product_brand?post=492"},{"taxonomy":"product_cat","embeddable":true,"href":"https:\/\/editora.ufrrj.br\/portal\/wp-json\/wp\/v2\/product_cat?post=492"},{"taxonomy":"product_tag","embeddable":true,"href":"https:\/\/editora.ufrrj.br\/portal\/wp-json\/wp\/v2\/product_tag?post=492"}],"curies":[{"name":"wp","href":"https:\/\/api.w.org\/{rel}","templated":true}]}}