{"id":4892,"date":"2022-07-13T12:30:14","date_gmt":"2022-07-13T15:30:14","guid":{"rendered":"https:\/\/editora.ufrrj.br\/?post_type=product&#038;p=4892"},"modified":"2023-07-14T16:22:46","modified_gmt":"2023-07-14T19:22:46","slug":"alimentos-uma-abordagem-contextualizada-para-o-ensino-de-quimica-organica","status":"publish","type":"product","link":"https:\/\/editora.ufrrj.br\/portal\/produto\/alimentos-uma-abordagem-contextualizada-para-o-ensino-de-quimica-organica\/","title":{"rendered":"Alimentos: uma abordagem contextualizada para o ensino de Qu\u00edmica Org\u00e2nica"},"content":{"rendered":"<p>A obra em quest\u00e3o apresenta uma nova abordagem para o ensino de qu\u00edmica, rompendo com a realidade da aprendizagem mec\u00e2nica, baseada apenas na memoriza\u00e7\u00e3o e utiliza\u00e7\u00e3o de livros did\u00e1ticos. Assim, esse material foi produzido de forma a incentivar o ensino contextualizado como forma de promo\u00e7\u00e3o da aprendizagem significativa. O livro foi organizado na forma de uma Sequ\u00eancia Did\u00e1tica contendo recursos como v\u00eddeos, uso de aplicativo, experimenta\u00e7\u00e3o, jogo did\u00e1tico e estudo de caso. \u00c9 um significativo material de apoio com inser\u00e7\u00e3o nas salas de aula do ensino m\u00e9dio de todo o pa\u00eds, poder\u00e1 ser adotado por cada professor que pretende dinamizar sua pr\u00e1tica de ensino. Fornece o passo a passo para sua utiliza\u00e7\u00e3o em sala de aula, fornecendo materiais, sugest\u00f5es e discuss\u00f5es organizadas em cap\u00edtulos.<\/p>\n<p>Autores: Laurine Cristina Paulo da Silva e Andr\u00e9 Marques dos Santos<\/p>\n<p>ISBN: 978-65-86859-26-3<\/p>\n<p>Ano: 2022<\/p>\n<p>1\u00ba Edi\u00e7\u00e3o<\/p>\n","protected":false},"excerpt":{"rendered":"<p>Autores: Laurine Cristina Paulo da Silva e Andr\u00e9 Marques dos Santos<\/p>\n","protected":false},"featured_media":4900,"template":"","meta":{"_acf_changed":false},"product_brand":[],"product_cat":[59,10,92],"product_tag":[170,169,168],"class_list":{"0":"post-4892","1":"product","2":"type-product","3":"status-publish","4":"has-post-thumbnail","6":"product_cat-ebooks","7":"product_cat-lancamento","8":"product_cat-quimica","9":"product_tag-alimentos","10":"product_tag-quimica","11":"product_tag-quimica-organica","13":"first","14":"instock","15":"featured","16":"shipping-taxable","17":"purchasable","18":"product-type-variable"},"acf":[],"_links":{"self":[{"href":"https:\/\/editora.ufrrj.br\/portal\/wp-json\/wp\/v2\/product\/4892","targetHints":{"allow":["GET"]}}],"collection":[{"href":"https:\/\/editora.ufrrj.br\/portal\/wp-json\/wp\/v2\/product"}],"about":[{"href":"https:\/\/editora.ufrrj.br\/portal\/wp-json\/wp\/v2\/types\/product"}],"wp:featuredmedia":[{"embeddable":true,"href":"https:\/\/editora.ufrrj.br\/portal\/wp-json\/wp\/v2\/media\/4900"}],"wp:attachment":[{"href":"https:\/\/editora.ufrrj.br\/portal\/wp-json\/wp\/v2\/media?parent=4892"}],"wp:term":[{"taxonomy":"product_brand","embeddable":true,"href":"https:\/\/editora.ufrrj.br\/portal\/wp-json\/wp\/v2\/product_brand?post=4892"},{"taxonomy":"product_cat","embeddable":true,"href":"https:\/\/editora.ufrrj.br\/portal\/wp-json\/wp\/v2\/product_cat?post=4892"},{"taxonomy":"product_tag","embeddable":true,"href":"https:\/\/editora.ufrrj.br\/portal\/wp-json\/wp\/v2\/product_tag?post=4892"}],"curies":[{"name":"wp","href":"https:\/\/api.w.org\/{rel}","templated":true}]}}