{"id":483,"date":"2016-09-02T17:18:15","date_gmt":"2016-09-02T20:18:15","guid":{"rendered":"http:\/\/editora.ufrrj.br\/?post_type=product&#038;p=483"},"modified":"2023-07-26T09:57:51","modified_gmt":"2023-07-26T12:57:51","slug":"educacao-geometrica","status":"publish","type":"product","link":"https:\/\/editora.ufrrj.br\/portal\/produto\/educacao-geometrica\/","title":{"rendered":"Educa\u00e7\u00e3o Geom\u00e9trica"},"content":{"rendered":"<p>Neste livro o leitor, professor ou futuro professor, conhecer\u00e1 diferentes abordagens para o trabalho com a geometria em sala de aula. Ao tratar do desenvolvimento profissional docente atrav\u00e9s de intera\u00e7\u00f5es na internet a obra \u00e9 pioneira no campo da Educa\u00e7\u00e3o Matem\u00e1tica nacional. Nela os autores apresentam elementos estrat\u00e9gicos considerados na estrutura\u00e7\u00e3o de um ambiente virtual espec\u00edfico para a forma\u00e7\u00e3o continuada totalmente \u00e0 dist\u00e2ncia. Os conceitos geom\u00e9tricos s\u00e3o trabalhos em perspectiva Din\u00e2mica na qual formados e professor s\u00e3o continuamente atores do processo formativo. Preconizando tamb\u00e9m uma abordagem integradora os pesquisadores desenvolvem elementos curriculares inerentes as formas no espa\u00e7o, as constru\u00e7\u00f5es geom\u00e9tricas elementares, dos \u00e2ngulos e as simetrias e semelhan\u00e7as no plano. Uma gama de recursos e atividades inovadoras poder\u00e1 ser encontrada ao longo da obra. Este livro \u00e9 uma reedi\u00e7\u00e3o do livro &#8220;Geometria para 3\u00ba e 4\u00ba ciclos pela internet, publicado em 2004 com financiamente da SESu\/MEC.<\/p>\n<p>Autor: Marcelo Almeida Bairral<\/p>\n<p>ISBN: 978-85-8067-024-0<\/p>\n<p>Ano, P\u00e1g., Peso: 2012, 139p., 360 gramas<\/p>\n","protected":false},"excerpt":{"rendered":"<p>Autor: Marcelo Almeida Bairral<\/p>\n","protected":false},"featured_media":630,"template":"","meta":{"_acf_changed":false},"product_brand":[],"product_cat":[22,21],"product_tag":[],"class_list":{"0":"post-483","1":"product","2":"type-product","3":"status-publish","4":"has-post-thumbnail","6":"product_cat-educacao","7":"product_cat-exatas","9":"first","10":"instock","11":"sale","12":"shipping-taxable","13":"purchasable","14":"product-type-simple"},"acf":[],"_links":{"self":[{"href":"https:\/\/editora.ufrrj.br\/portal\/wp-json\/wp\/v2\/product\/483","targetHints":{"allow":["GET"]}}],"collection":[{"href":"https:\/\/editora.ufrrj.br\/portal\/wp-json\/wp\/v2\/product"}],"about":[{"href":"https:\/\/editora.ufrrj.br\/portal\/wp-json\/wp\/v2\/types\/product"}],"wp:featuredmedia":[{"embeddable":true,"href":"https:\/\/editora.ufrrj.br\/portal\/wp-json\/wp\/v2\/media\/630"}],"wp:attachment":[{"href":"https:\/\/editora.ufrrj.br\/portal\/wp-json\/wp\/v2\/media?parent=483"}],"wp:term":[{"taxonomy":"product_brand","embeddable":true,"href":"https:\/\/editora.ufrrj.br\/portal\/wp-json\/wp\/v2\/product_brand?post=483"},{"taxonomy":"product_cat","embeddable":true,"href":"https:\/\/editora.ufrrj.br\/portal\/wp-json\/wp\/v2\/product_cat?post=483"},{"taxonomy":"product_tag","embeddable":true,"href":"https:\/\/editora.ufrrj.br\/portal\/wp-json\/wp\/v2\/product_tag?post=483"}],"curies":[{"name":"wp","href":"https:\/\/api.w.org\/{rel}","templated":true}]}}