{"id":454,"date":"2016-08-31T19:43:27","date_gmt":"2016-08-31T22:43:27","guid":{"rendered":"http:\/\/editora.ufrrj.br\/?post_type=product&#038;p=454"},"modified":"2023-07-26T09:59:07","modified_gmt":"2023-07-26T12:59:07","slug":"educacao-pesquisa-e-extensao-confluencias-interdisciplinares","status":"publish","type":"product","link":"https:\/\/editora.ufrrj.br\/portal\/produto\/educacao-pesquisa-e-extensao-confluencias-interdisciplinares\/","title":{"rendered":"Educa\u00e7\u00e3o, Pesquisa e Extens\u00e3o: conflu\u00eancias interdisciplinares"},"content":{"rendered":"<p>Esta obra relata o esfor\u00e7o de docentes e de estudantes no di\u00e1logo fecundo com os atores sociais envolvidos nos diferentes projetos, construindo uma rica parceria e re-elaborando conceitos, conte\u00fados e pr\u00e1ticas a partir dessa rica experi\u00eancia que real\u00e7a a import\u00e2ncia da integra\u00e7\u00e3o e dos processo interdisciplinares.<\/p>\n<p>Autores: Ana Maria Dantas Soares e Luc\u00edlia Augustya Lino de Paula<\/p>\n<p>ISBN: 978-85-7812-046-7<\/p>\n<p>Ano, P\u00e1g., Peso: 2010, 140p., 200 gramas<\/p>\n","protected":false},"excerpt":{"rendered":"<p>Autores: Ana Maria Dantas Soares e Luc\u00edlia Augustya Lino de Paula<\/p>\n","protected":false},"featured_media":635,"template":"","meta":{"_acf_changed":false},"product_brand":[],"product_cat":[22],"product_tag":[],"class_list":{"0":"post-454","1":"product","2":"type-product","3":"status-publish","4":"has-post-thumbnail","6":"product_cat-educacao","8":"first","9":"instock","10":"sale","11":"shipping-taxable","12":"purchasable","13":"product-type-simple"},"acf":[],"_links":{"self":[{"href":"https:\/\/editora.ufrrj.br\/portal\/wp-json\/wp\/v2\/product\/454","targetHints":{"allow":["GET"]}}],"collection":[{"href":"https:\/\/editora.ufrrj.br\/portal\/wp-json\/wp\/v2\/product"}],"about":[{"href":"https:\/\/editora.ufrrj.br\/portal\/wp-json\/wp\/v2\/types\/product"}],"wp:featuredmedia":[{"embeddable":true,"href":"https:\/\/editora.ufrrj.br\/portal\/wp-json\/wp\/v2\/media\/635"}],"wp:attachment":[{"href":"https:\/\/editora.ufrrj.br\/portal\/wp-json\/wp\/v2\/media?parent=454"}],"wp:term":[{"taxonomy":"product_brand","embeddable":true,"href":"https:\/\/editora.ufrrj.br\/portal\/wp-json\/wp\/v2\/product_brand?post=454"},{"taxonomy":"product_cat","embeddable":true,"href":"https:\/\/editora.ufrrj.br\/portal\/wp-json\/wp\/v2\/product_cat?post=454"},{"taxonomy":"product_tag","embeddable":true,"href":"https:\/\/editora.ufrrj.br\/portal\/wp-json\/wp\/v2\/product_tag?post=454"}],"curies":[{"name":"wp","href":"https:\/\/api.w.org\/{rel}","templated":true}]}}

Educação, Pesquisa e Extensão: confluências interdisciplinares

<p>Esta obra relata o esforço de docentes e de estudantes no diálogo fecundo com os atores sociais envolvidos nos diferentes projetos, construindo uma rica parceria e re-elaborando conceitos, conteúdos e práticas a partir dessa rica experiência que realça a importância da integração e dos processo interdisciplinares.</p>
<p>Autores: Ana Maria Dantas Soares e Lucília Augustya Lino de Paula</p>
<p>ISBN: 978-85-7812-046-7</p>
<p>Ano, Pág., Peso: 2010, 140p., 200 gramas</p>

<p>Autores: Ana Maria Dantas Soares e Lucília Augustya Lino de Paula</p>
