{"id":4382,"date":"2021-12-22T09:25:31","date_gmt":"2021-12-22T12:25:31","guid":{"rendered":"http:\/\/editora.ufrrj.br\/?post_type=product&#038;p=4382"},"modified":"2023-07-14T16:14:41","modified_gmt":"2023-07-14T19:14:41","slug":"o-golpe-de-2016-e-o-futuro-da-democracia-no-brasil-curso-de-extensao-na-ufrrj","status":"publish","type":"product","link":"https:\/\/editora.ufrrj.br\/portal\/produto\/o-golpe-de-2016-e-o-futuro-da-democracia-no-brasil-curso-de-extensao-na-ufrrj\/","title":{"rendered":"O golpe de 2016 e o futuro da democracia no Brasil"},"content":{"rendered":"<p>O livro &#8220;O golpe de 2016 e o futuro da democracia no Brasil&#8221; \u00e9 homenagem e solidariedade ao professor Luiz Felipe Miguel, da UnB, que promoveu curso hom\u00f4nimo no primeiro semestre de 2018 e foi alvo de uma intimida\u00e7\u00e3o autorit\u00e1ria por parte do Minist\u00e9rio da Educa\u00e7\u00e3o naquele per\u00edodo. A obra \u00e9 fruto de curso de extens\u00e3o promovido na UFRRJ em 2018 e \u00e9 organizada por Antonio Jos\u00e9 Alves Junior, Pedro Henrique Pedreira Campos e Vladimyr Lombardo Jorge, sendo editada pela Edur. O sum\u00e1rio \u00e9 o seguinte:<\/p>\n<p>O golpe de 2016 e o futuro da democracia no Brasil: curso de extens\u00e3o na UFRRJ<\/p>\n<p>Introdu\u00e7\u00e3o, por Antonio Jos\u00e9 Alves Junior (UFRRJ), Pedro Henrique Pedreira Campos (UFRRJ) e Vladimyr Lombargdo Jorge (UFRRJ)<\/p>\n<ol>\n<li>A universidade brasileira e o golpe de 2016, por Alexandre Fortes (UFRRJ) e Ricardo Berbara (UFRRJ)<\/li>\n<li>A educa\u00e7\u00e3o e o golpe: desmontes e retrocessos, por Lucia Valadares (UFRRJ), Luc\u00edlia Augusta Lino (Uerj), Maria da Concei\u00e7\u00e3o Calmon Arruda (Fiocruz\/Uerj) e Jorge Najjar (UFF)<\/li>\n<li>O golpe e a popula\u00e7\u00e3o negra, por \u00c1lvaro Pereira Nascimento (UFRRJ), Otair Fernandes (UFRRJ), Raul Santiago (Coletivo Papo Reto), Luciene Lacerda (Movimento 21 Dias de Ativismo contra o Racismo) e Claudielle Pav\u00e3o da Silva (UFRRJ)<\/li>\n<li>A militariza\u00e7\u00e3o das cidades e a interven\u00e7\u00e3o militar no Rio de Janeiro, por Nalayne Pinto (UFRRJ), Vinicius Esperan\u00e7a (Uerj), Vinicius Rodrigues Gon\u00e7alves (Uerj) e Thiago Sardinha (UFRRJ)<\/li>\n<li>A geografia do golpe, por Marcio Rufino Silva (UFRRJ), Pablo Iba\u00f1ez (UFRRJ), Maur\u00edlio Botelho (UFRRJ) e Guilherme Ribeiro (UFRRJ)<\/li>\n<li>Os meios de comunica\u00e7\u00e3o e o golpe, por Flora Daemon (UFRRJ), Claudia Santiago Giannotti (N\u00facleo Piratininga de Comunica\u00e7\u00e3o), Ana L\u00facia Vaz (UFRRJ) e Paula M\u00e1iran (Sindicato dos Jornalistas)<\/li>\n<li>As periferias urbanas e o golpe, por Vladimyr Lombardo Jorge (UFRRJ), Edson Miagusko (UFRRJ), Carly Machado (UFRRJ) e Marcia Leite (Uerj)<\/li>\n<li>As riquezas do pr\u00e9-sal e a soberania nacional na conjuntura do golpe, por Caio Martins Bugiato (UFRRJ), Luiz Felipe Brand\u00e3o Os\u00f3rio (UFRRJ) e Giorgio Romano Schutte (UFABC)<\/li>\n<li>A economia pol\u00edtica do golpe, por Antonio Jos\u00e9 Alves Junior (UFRRJ), Jo\u00e3o Sics\u00fa (UFRJ), Eduardo Costa Pinto (UFRJ) e Alexis Toribio Dantas (Uerj)<\/li>\n<li>For\u00e7as pol\u00edticas e o golpe, por Vladimyr Lombardo Jorge (UFRRJ), Paulo D&#8217;\u00c1vila Filho (Uerj), Nelson Rojas (UFRRJ), Darlan Montenegro (UFRRJ)<\/li>\n<li>Os efeitos do golpe sobre o campo: pol\u00edticas p\u00fablicas, descontinuidades e retrocessos, por Leonilde Servolo de Medeiros (UFRRJ), Sergio Pereira Leite (UFRRJ), Thereza Menezes (UFRRJ) e Regina Landim Bruno (UFRRJ)<\/li>\n<li>A constru\u00e7\u00e3o do golpe no campo jur\u00eddico, por Alexandre Pinto Mendes (UFRRJ) e Jorge Gomes de Souza Chaloub (UFJF)<\/li>\n<\/ol>\n<p>Organizadores: Antonio Jos\u00e9 Alves Junior, Pedro Henrique Pedreira Campos e Vladimyr Lombardo Jorge<\/p>\n<p>ISBN: 978-65-86859-18-8<\/p>\n<p>Ano: 2021<\/p>\n<p>1\u00ba Edi\u00e7\u00e3o<\/p>\n","protected":false},"excerpt":{"rendered":"<p>Organizadores: Antonio Jos\u00e9 Alves Junior, Pedro Henrique Pedreira Campos e Vladimyr Lombardo Jorge<\/p>\n","protected":false},"featured_media":4383,"template":"","meta":{"_acf_changed":false},"product_brand":[],"product_cat":[23,59,19,10],"product_tag":[142,154,139],"class_list":{"0":"post-4382","1":"product","2":"type-product","3":"status-publish","4":"has-post-thumbnail","6":"product_cat-ciencias-sociais-e-politicas","7":"product_cat-ebooks","8":"product_cat-historia","9":"product_cat-lancamento","10":"product_tag-ciencia-politica","11":"product_tag-ciencias-humanas","12":"product_tag-ciencias-sociais","14":"first","15":"instock","16":"featured","17":"shipping-taxable","18":"purchasable","19":"product-type-variable"},"acf":[],"_links":{"self":[{"href":"https:\/\/editora.ufrrj.br\/portal\/wp-json\/wp\/v2\/product\/4382","targetHints":{"allow":["GET"]}}],"collection":[{"href":"https:\/\/editora.ufrrj.br\/portal\/wp-json\/wp\/v2\/product"}],"about":[{"href":"https:\/\/editora.ufrrj.br\/portal\/wp-json\/wp\/v2\/types\/product"}],"wp:featuredmedia":[{"embeddable":true,"href":"https:\/\/editora.ufrrj.br\/portal\/wp-json\/wp\/v2\/media\/4383"}],"wp:attachment":[{"href":"https:\/\/editora.ufrrj.br\/portal\/wp-json\/wp\/v2\/media?parent=4382"}],"wp:term":[{"taxonomy":"product_brand","embeddable":true,"href":"https:\/\/editora.ufrrj.br\/portal\/wp-json\/wp\/v2\/product_brand?post=4382"},{"taxonomy":"product_cat","embeddable":true,"href":"https:\/\/editora.ufrrj.br\/portal\/wp-json\/wp\/v2\/product_cat?post=4382"},{"taxonomy":"product_tag","embeddable":true,"href":"https:\/\/editora.ufrrj.br\/portal\/wp-json\/wp\/v2\/product_tag?post=4382"}],"curies":[{"name":"wp","href":"https:\/\/api.w.org\/{rel}","templated":true}]}}