{"id":432,"date":"2016-09-02T13:35:59","date_gmt":"2016-09-02T13:35:59","guid":{"rendered":"http:\/\/editora.ufrrj.br\/?post_type=product&#038;p=432"},"modified":"2023-07-26T10:13:12","modified_gmt":"2023-07-26T13:13:12","slug":"gestao-social-novas-perspectivas-de-analise","status":"publish","type":"product","link":"https:\/\/editora.ufrrj.br\/portal\/produto\/gestao-social-novas-perspectivas-de-analise\/","title":{"rendered":"Gest\u00e3o Social, novas perspectivas de an\u00e1lise"},"content":{"rendered":"<p>Autores: Francisco Paulo de Melo Neto e Cesar Froes<\/p>\n<p>ISBN: 978-85-85720-77-3<\/p>\n<p>Ano, P\u00e1g., Peso: 2010, 175p., 270 gramas<\/p>\n<p><a href=\"http:\/\/institucional.ufrrj.br\/editora\/files\/2013\/02\/gestao-social2.pdf\" target=\"_blank\" rel=\"noopener\">Apresenta\u00e7\u00e3o: Gest\u00e3o Social<\/a><\/p>\n<p>&nbsp;<\/p>\n","protected":false},"excerpt":{"rendered":"<p>Autores: Francisco Paulo de Melo Neto e Cesar Froes<\/p>\n","protected":false},"featured_media":631,"template":"","meta":{"_acf_changed":false},"product_brand":[],"product_cat":[23],"product_tag":[],"class_list":{"0":"post-432","1":"product","2":"type-product","3":"status-publish","4":"has-post-thumbnail","6":"product_cat-ciencias-sociais-e-politicas","8":"first","9":"instock","10":"sale","11":"shipping-taxable","12":"purchasable","13":"product-type-simple"},"acf":[],"_links":{"self":[{"href":"https:\/\/editora.ufrrj.br\/portal\/wp-json\/wp\/v2\/product\/432","targetHints":{"allow":["GET"]}}],"collection":[{"href":"https:\/\/editora.ufrrj.br\/portal\/wp-json\/wp\/v2\/product"}],"about":[{"href":"https:\/\/editora.ufrrj.br\/portal\/wp-json\/wp\/v2\/types\/product"}],"wp:featuredmedia":[{"embeddable":true,"href":"https:\/\/editora.ufrrj.br\/portal\/wp-json\/wp\/v2\/media\/631"}],"wp:attachment":[{"href":"https:\/\/editora.ufrrj.br\/portal\/wp-json\/wp\/v2\/media?parent=432"}],"wp:term":[{"taxonomy":"product_brand","embeddable":true,"href":"https:\/\/editora.ufrrj.br\/portal\/wp-json\/wp\/v2\/product_brand?post=432"},{"taxonomy":"product_cat","embeddable":true,"href":"https:\/\/editora.ufrrj.br\/portal\/wp-json\/wp\/v2\/product_cat?post=432"},{"taxonomy":"product_tag","embeddable":true,"href":"https:\/\/editora.ufrrj.br\/portal\/wp-json\/wp\/v2\/product_tag?post=432"}],"curies":[{"name":"wp","href":"https:\/\/api.w.org\/{rel}","templated":true}]}}