{"id":423,"date":"2016-08-31T17:33:07","date_gmt":"2016-08-31T20:33:07","guid":{"rendered":"http:\/\/editora.ufrrj.br\/?post_type=product&#038;p=423"},"modified":"2023-07-26T09:59:27","modified_gmt":"2023-07-26T12:59:27","slug":"habitus-e-agricultores-assentados-um-estudo-a-partir-do-assentamento-menina-dos-olhos-dos-sem-terra","status":"publish","type":"product","link":"https:\/\/editora.ufrrj.br\/portal\/produto\/habitus-e-agricultores-assentados-um-estudo-a-partir-do-assentamento-menina-dos-olhos-dos-sem-terra\/","title":{"rendered":"Habitus e Agricultores-Assentados: um estudo a partir do assentamento \u201cMenina dos Olhos dos Sem-Terra\u201d"},"content":{"rendered":"<p>Este livro, originado da disserta\u00e7\u00e3o de mestrado de Marcos Botton Piccin, em uma perspectiva inovadora de an\u00e1lise dos processos sociais rurais, aborda a diferencia\u00e7\u00e3o das estrat\u00e9gias produtivas dos agricultores do Assentamento rural Ceres, localizado no estado do Rio Grande do Sul, procurando compreender as inst\u00e2ncias subjetivas dos agricultores assentados a partir dos processos s\u00f3cio-hist\u00f3ricos do Rio Grande do Sul. Esses processos, com suas objetiva\u00e7\u00f5es e subjetiva\u00e7\u00f5es culturais, comp\u00f5em o magma social que localiza as individualidades e pessoalidades dos agricultores assentados, bem como definem os espa\u00e7os sociais nas redes sociais de poderes, modelando as mentes dessas pessoas e indiv\u00edduos. Em s\u00edntese: conformam os habitus sociais diferenciados de indiv\u00edduos, classes e categorias sociais, dentre eles os h\u00e1bitos e saberes produtivos dos agricultores assentados analisados; uma esp\u00e9cie de psicoeconomia pessoal e social que orienta de uma forma n\u00e3o-determinista suas decis\u00f5es produtivas. Este recurso te\u00f3rico-metodol\u00f3gico possibilitou a visualiza\u00e7\u00e3o de distintas significa\u00e7\u00f5es e representa\u00e7\u00f5es das conjunturas econ\u00f4mico-sociais vividas pelos assentados desde o in\u00edcio do Assentamento Ceres. Compreendendo as distintas decis\u00f5es conjunturais como possibilidades estrat\u00e9gicas individualizadas em um dado contexto social, as decis\u00f5es retratariam uma uni\u00e3o flex\u00edvel entre o passado e o futuro de cada agricultor assentado que constroem, no tempo, distintas estrat\u00e9gias de reprodu\u00e7\u00e3o socioecon\u00f4mica. A an\u00e1lise permitiu visualizar tr\u00eas grupos de agricultores assentados a partir das estrat\u00e9gias produtivas que desenvolveram em seus lotes.<\/p>\n<p>Autor: Marcos Bottos Piccin<\/p>\n<p>ISBN: 978-85-8067-003-5<\/p>\n<p>Ano, P\u00e1g., Peso: 2011, 295p., 420 gramas<\/p>\n","protected":false},"excerpt":{"rendered":"<p>Autor: Marcos Bottos Piccin<\/p>\n","protected":false},"featured_media":650,"template":"","meta":{"_acf_changed":false},"product_brand":[],"product_cat":[13,22],"product_tag":[],"class_list":{"0":"post-423","1":"product","2":"type-product","3":"status-publish","4":"has-post-thumbnail","6":"product_cat-agronomia","7":"product_cat-educacao","9":"first","10":"instock","11":"sale","12":"shipping-taxable","13":"purchasable","14":"product-type-simple"},"acf":[],"_links":{"self":[{"href":"https:\/\/editora.ufrrj.br\/portal\/wp-json\/wp\/v2\/product\/423","targetHints":{"allow":["GET"]}}],"collection":[{"href":"https:\/\/editora.ufrrj.br\/portal\/wp-json\/wp\/v2\/product"}],"about":[{"href":"https:\/\/editora.ufrrj.br\/portal\/wp-json\/wp\/v2\/types\/product"}],"wp:featuredmedia":[{"embeddable":true,"href":"https:\/\/editora.ufrrj.br\/portal\/wp-json\/wp\/v2\/media\/650"}],"wp:attachment":[{"href":"https:\/\/editora.ufrrj.br\/portal\/wp-json\/wp\/v2\/media?parent=423"}],"wp:term":[{"taxonomy":"product_brand","embeddable":true,"href":"https:\/\/editora.ufrrj.br\/portal\/wp-json\/wp\/v2\/product_brand?post=423"},{"taxonomy":"product_cat","embeddable":true,"href":"https:\/\/editora.ufrrj.br\/portal\/wp-json\/wp\/v2\/product_cat?post=423"},{"taxonomy":"product_tag","embeddable":true,"href":"https:\/\/editora.ufrrj.br\/portal\/wp-json\/wp\/v2\/product_tag?post=423"}],"curies":[{"name":"wp","href":"https:\/\/api.w.org\/{rel}","templated":true}]}}