{"id":386,"date":"2016-08-24T14:04:29","date_gmt":"2016-08-24T17:04:29","guid":{"rendered":"http:\/\/editora.ufrrj.br\/?post_type=product&#038;p=386"},"modified":"2023-07-26T10:01:12","modified_gmt":"2023-07-26T13:01:12","slug":"manual-metodologico-para-estudos-botanicos-da-mata-atlantica","status":"publish","type":"product","link":"https:\/\/editora.ufrrj.br\/portal\/produto\/manual-metodologico-para-estudos-botanicos-da-mata-atlantica\/","title":{"rendered":"Manual Metodol\u00f3gico para Estudos Bot\u00e2nicos da Mata Atl\u00e2ntica"},"content":{"rendered":"<p>Autores: Lana da Silva Sylvestre e Maria Mercedes Teixeira da Rosa (orgs.)<\/p>\n<p>ISBN:\u00a08585720271<\/p>\n","protected":false},"excerpt":{"rendered":"<p>Autores: Lana da Silva Sylvestre e Maria Mercedes Teixeira da Rosa (orgs.) ISBN:\u00a08585720271<\/p>\n","protected":false},"featured_media":662,"template":"","meta":{"_acf_changed":false},"product_brand":[],"product_cat":[24],"product_tag":[],"class_list":{"0":"post-386","1":"product","2":"type-product","3":"status-publish","4":"has-post-thumbnail","6":"product_cat-biologia","8":"first","9":"outofstock","10":"shipping-taxable","11":"purchasable","12":"product-type-simple"},"acf":[],"_links":{"self":[{"href":"https:\/\/editora.ufrrj.br\/portal\/wp-json\/wp\/v2\/product\/386","targetHints":{"allow":["GET"]}}],"collection":[{"href":"https:\/\/editora.ufrrj.br\/portal\/wp-json\/wp\/v2\/product"}],"about":[{"href":"https:\/\/editora.ufrrj.br\/portal\/wp-json\/wp\/v2\/types\/product"}],"wp:featuredmedia":[{"embeddable":true,"href":"https:\/\/editora.ufrrj.br\/portal\/wp-json\/wp\/v2\/media\/662"}],"wp:attachment":[{"href":"https:\/\/editora.ufrrj.br\/portal\/wp-json\/wp\/v2\/media?parent=386"}],"wp:term":[{"taxonomy":"product_brand","embeddable":true,"href":"https:\/\/editora.ufrrj.br\/portal\/wp-json\/wp\/v2\/product_brand?post=386"},{"taxonomy":"product_cat","embeddable":true,"href":"https:\/\/editora.ufrrj.br\/portal\/wp-json\/wp\/v2\/product_cat?post=386"},{"taxonomy":"product_tag","embeddable":true,"href":"https:\/\/editora.ufrrj.br\/portal\/wp-json\/wp\/v2\/product_tag?post=386"}],"curies":[{"name":"wp","href":"https:\/\/api.w.org\/{rel}","templated":true}]}}