{"id":381,"date":"2016-08-24T13:51:24","date_gmt":"2016-08-24T16:51:24","guid":{"rendered":"http:\/\/editora.ufrrj.br\/?post_type=product&#038;p=381"},"modified":"2023-07-26T10:01:24","modified_gmt":"2023-07-26T13:01:24","slug":"materiais-de-construcao","status":"publish","type":"product","link":"https:\/\/editora.ufrrj.br\/portal\/produto\/materiais-de-construcao\/","title":{"rendered":"Materiais de Constru\u00e7\u00e3o"},"content":{"rendered":"<p>Autores: Regina C\u00e9lia Lopes Ara\u00fajo, Edmundo H. V. Rodrigues e Edna da G. A. Freitas<\/p>\n<p>ISBN:\u00a08585720239<\/p>\n","protected":false},"excerpt":{"rendered":"<p>Regina C\u00e9lia Lopes Ara\u00fajo, Edmundo H. V. Rodrigues e Edna da G. A. Freitas (Autores)<\/p>\n","protected":false},"featured_media":664,"template":"","meta":{"_acf_changed":false},"product_brand":[],"product_cat":[25],"product_tag":[],"class_list":{"0":"post-381","1":"product","2":"type-product","3":"status-publish","4":"has-post-thumbnail","6":"product_cat-arquitetura","8":"first","9":"outofstock","10":"shipping-taxable","11":"purchasable","12":"product-type-simple"},"acf":[],"_links":{"self":[{"href":"https:\/\/editora.ufrrj.br\/portal\/wp-json\/wp\/v2\/product\/381","targetHints":{"allow":["GET"]}}],"collection":[{"href":"https:\/\/editora.ufrrj.br\/portal\/wp-json\/wp\/v2\/product"}],"about":[{"href":"https:\/\/editora.ufrrj.br\/portal\/wp-json\/wp\/v2\/types\/product"}],"wp:featuredmedia":[{"embeddable":true,"href":"https:\/\/editora.ufrrj.br\/portal\/wp-json\/wp\/v2\/media\/664"}],"wp:attachment":[{"href":"https:\/\/editora.ufrrj.br\/portal\/wp-json\/wp\/v2\/media?parent=381"}],"wp:term":[{"taxonomy":"product_brand","embeddable":true,"href":"https:\/\/editora.ufrrj.br\/portal\/wp-json\/wp\/v2\/product_brand?post=381"},{"taxonomy":"product_cat","embeddable":true,"href":"https:\/\/editora.ufrrj.br\/portal\/wp-json\/wp\/v2\/product_cat?post=381"},{"taxonomy":"product_tag","embeddable":true,"href":"https:\/\/editora.ufrrj.br\/portal\/wp-json\/wp\/v2\/product_tag?post=381"}],"curies":[{"name":"wp","href":"https:\/\/api.w.org\/{rel}","templated":true}]}}