{"id":378,"date":"2016-08-24T13:46:43","date_gmt":"2016-08-24T16:46:43","guid":{"rendered":"http:\/\/editora.ufrrj.br\/?post_type=product&#038;p=378"},"modified":"2023-07-26T10:01:18","modified_gmt":"2023-07-26T13:01:18","slug":"meios-e-solucoes-comumente-empregados-em-laboratorios","status":"publish","type":"product","link":"https:\/\/editora.ufrrj.br\/portal\/produto\/meios-e-solucoes-comumente-empregados-em-laboratorios\/","title":{"rendered":"Meios e Solu\u00e7\u00f5es Comumente Empregados em Laborat\u00f3rios"},"content":{"rendered":"<p>Re\u00fane as f\u00f3rmulas e o modo de preparo de meios e solu\u00e7\u00f5es de uso rotineiro em laborat\u00f3rios de ensino, diagn\u00f3stico e pesquisa em v\u00e1rias \u00e1reas.<\/p>\n<p>Autor: Cl\u00e1udio de Moraes Andrade<\/p>\n<p>ISBN: 85-85720-24-7<\/p>\n<p>Ano, P\u00e1g., Peso: 2000, 456p., 343 gramas<\/p>\n","protected":false},"excerpt":{"rendered":"<p>Cl\u00e1udio de Moraes Andrade (Autor)<\/p>\n","protected":false},"featured_media":665,"template":"","meta":{"_acf_changed":false},"product_brand":[],"product_cat":[16],"product_tag":[],"class_list":{"0":"post-378","1":"product","2":"type-product","3":"status-publish","4":"has-post-thumbnail","6":"product_cat-tecnologia","8":"first","9":"outofstock","10":"sale","11":"shipping-taxable","12":"purchasable","13":"product-type-simple"},"acf":[],"_links":{"self":[{"href":"https:\/\/editora.ufrrj.br\/portal\/wp-json\/wp\/v2\/product\/378","targetHints":{"allow":["GET"]}}],"collection":[{"href":"https:\/\/editora.ufrrj.br\/portal\/wp-json\/wp\/v2\/product"}],"about":[{"href":"https:\/\/editora.ufrrj.br\/portal\/wp-json\/wp\/v2\/types\/product"}],"wp:featuredmedia":[{"embeddable":true,"href":"https:\/\/editora.ufrrj.br\/portal\/wp-json\/wp\/v2\/media\/665"}],"wp:attachment":[{"href":"https:\/\/editora.ufrrj.br\/portal\/wp-json\/wp\/v2\/media?parent=378"}],"wp:term":[{"taxonomy":"product_brand","embeddable":true,"href":"https:\/\/editora.ufrrj.br\/portal\/wp-json\/wp\/v2\/product_brand?post=378"},{"taxonomy":"product_cat","embeddable":true,"href":"https:\/\/editora.ufrrj.br\/portal\/wp-json\/wp\/v2\/product_cat?post=378"},{"taxonomy":"product_tag","embeddable":true,"href":"https:\/\/editora.ufrrj.br\/portal\/wp-json\/wp\/v2\/product_tag?post=378"}],"curies":[{"name":"wp","href":"https:\/\/api.w.org\/{rel}","templated":true}]}}