{"id":376,"date":"2016-08-24T13:44:07","date_gmt":"2016-08-24T16:44:07","guid":{"rendered":"http:\/\/editora.ufrrj.br\/?post_type=product&#038;p=376"},"modified":"2023-07-26T10:08:25","modified_gmt":"2023-07-26T13:08:25","slug":"memorias-andinas","status":"publish","type":"product","link":"https:\/\/editora.ufrrj.br\/portal\/produto\/memorias-andinas\/","title":{"rendered":"Mem\u00f3rias Andinas"},"content":{"rendered":"<p>MEM\u00d3RIAS ANDINAS &#8211; ao abordar acontecimentos pol\u00edticos da \u00e9poca, Von Steisloff enriquece sua obra, ampliando sua narrativa e oferecendo sua vis\u00e3o dos momentos conturbados e ocorridos desde a elei\u00e7\u00e3o e posse do Presidente Juscelino Kubitschek de Oliveira nos idos dos anos 1955\/56.<\/p>\n<p>Autor: Von Steisloff<\/p>\n<p>ISBN: 978-85-8067-010-3<\/p>\n<p>Ano, P\u00e1g., Peso: 2011, 88p., 120 gramas<\/p>\n<p><a href=\"http:\/\/institucional.ufrrj.br\/editora\/files\/2013\/02\/mem-andinas3.pdf\" target=\"_blank\" rel=\"noopener\">Apresenta\u00e7\u00e3o: Mem\u00f3rias Andinas<\/a><\/p>\n","protected":false},"excerpt":{"rendered":"<p>Autor: Von Steisloff<\/p>\n","protected":false},"featured_media":806,"template":"","meta":{"_acf_changed":false},"product_brand":[],"product_cat":[19],"product_tag":[],"class_list":{"0":"post-376","1":"product","2":"type-product","3":"status-publish","4":"has-post-thumbnail","6":"product_cat-historia","8":"first","9":"instock","10":"sale","11":"shipping-taxable","12":"purchasable","13":"product-type-simple"},"acf":[],"_links":{"self":[{"href":"https:\/\/editora.ufrrj.br\/portal\/wp-json\/wp\/v2\/product\/376","targetHints":{"allow":["GET"]}}],"collection":[{"href":"https:\/\/editora.ufrrj.br\/portal\/wp-json\/wp\/v2\/product"}],"about":[{"href":"https:\/\/editora.ufrrj.br\/portal\/wp-json\/wp\/v2\/types\/product"}],"wp:featuredmedia":[{"embeddable":true,"href":"https:\/\/editora.ufrrj.br\/portal\/wp-json\/wp\/v2\/media\/806"}],"wp:attachment":[{"href":"https:\/\/editora.ufrrj.br\/portal\/wp-json\/wp\/v2\/media?parent=376"}],"wp:term":[{"taxonomy":"product_brand","embeddable":true,"href":"https:\/\/editora.ufrrj.br\/portal\/wp-json\/wp\/v2\/product_brand?post=376"},{"taxonomy":"product_cat","embeddable":true,"href":"https:\/\/editora.ufrrj.br\/portal\/wp-json\/wp\/v2\/product_cat?post=376"},{"taxonomy":"product_tag","embeddable":true,"href":"https:\/\/editora.ufrrj.br\/portal\/wp-json\/wp\/v2\/product_tag?post=376"}],"curies":[{"name":"wp","href":"https:\/\/api.w.org\/{rel}","templated":true}]}}