{"id":368,"date":"2016-08-24T13:26:43","date_gmt":"2016-08-24T16:26:43","guid":{"rendered":"http:\/\/editora.ufrrj.br\/?post_type=product&#038;p=368"},"modified":"2023-07-26T10:08:04","modified_gmt":"2023-07-26T13:08:04","slug":"muito-alem-do-jardim-educacao-e-formacao-nos-mundos-rurais","status":"publish","type":"product","link":"https:\/\/editora.ufrrj.br\/portal\/produto\/muito-alem-do-jardim-educacao-e-formacao-nos-mundos-rurais\/","title":{"rendered":"Muito Al\u00e9m do Jardim: educa\u00e7\u00e3o e forma\u00e7\u00e3o nos mundos rurais"},"content":{"rendered":"<p>Muito al\u00e9m do jardim: educa\u00e7\u00e3o e forma\u00e7\u00e3o nos mundos rurais apresenta o desafio de preencher espa\u00e7os ainda desertos de reflex\u00f5es e, ao mesmo tempo, abrir espa\u00e7os para que os autores dos Institutos Federais de Educa\u00e7\u00e3o, Ci\u00eancia e Tecnologia e demais profissionais da \u00c1rea de Educa\u00e7\u00e3o ingressem no campo das an\u00e1lises e imbriquem teoria e empiria num jogo de escalas entre macro e o micro junto aos conhecimentos hist\u00f3ricos, sociol\u00f3gicos e antropol\u00f3gicos. Procura, tamb\u00e9m, instaurar o lugar da poss\u00edvel e necess\u00e1ria polifonia dos especialistas da \u00c1rea de Educa\u00e7\u00e3o num programa de P\u00f3s-Gradua\u00e7\u00e3o em Educa\u00e7\u00e3o Agr\u00edcola (PPGEA) da Universidade Federal Rural do Rio de Janeiro. Encontro que divulga e legitima os investimentos numa linha de atua\u00e7\u00e3o expressiva, conquistando a condi\u00e7\u00e3o de programa de refer\u00eancia face \u00e0 Rede Federal Tecnol\u00f3gica. Tal perspectiva \u00e9 constitu\u00edda por um exerc\u00edcio de car\u00e1ter epistemol\u00f3gico no qual as teorias do conhecimento s\u00e3o valorizadas, visitadas e revisitadas, abarcando diversos \u201cviveres\u201d e \u201cfazeres\u201d em diferentes tempos hist\u00f3ricos da Educa\u00e7\u00e3o Agr\u00edcola no Brasil.<\/p>\n<p>Autores: Celia Regina Otranto, Eliane Fazolo, Fernando Gouv\u00eaa\u00a0(organizadores)<\/p>\n<p>ISBN: 978-85-8067-043-1<\/p>\n<p>Ano, P\u00e1g., Peso: 2012, 149p., 200gramas<\/p>\n","protected":false},"excerpt":{"rendered":"<p>Autores: Celia Regina Otranto, Eliane Fazolo, Fernando Gouv\u00eaa<\/p>\n","protected":false},"featured_media":818,"template":"","meta":{"_acf_changed":false},"product_brand":[],"product_cat":[22],"product_tag":[],"class_list":{"0":"post-368","1":"product","2":"type-product","3":"status-publish","4":"has-post-thumbnail","6":"product_cat-educacao","8":"first","9":"instock","10":"sale","11":"shipping-taxable","12":"purchasable","13":"product-type-simple"},"acf":[],"_links":{"self":[{"href":"https:\/\/editora.ufrrj.br\/portal\/wp-json\/wp\/v2\/product\/368","targetHints":{"allow":["GET"]}}],"collection":[{"href":"https:\/\/editora.ufrrj.br\/portal\/wp-json\/wp\/v2\/product"}],"about":[{"href":"https:\/\/editora.ufrrj.br\/portal\/wp-json\/wp\/v2\/types\/product"}],"wp:featuredmedia":[{"embeddable":true,"href":"https:\/\/editora.ufrrj.br\/portal\/wp-json\/wp\/v2\/media\/818"}],"wp:attachment":[{"href":"https:\/\/editora.ufrrj.br\/portal\/wp-json\/wp\/v2\/media?parent=368"}],"wp:term":[{"taxonomy":"product_brand","embeddable":true,"href":"https:\/\/editora.ufrrj.br\/portal\/wp-json\/wp\/v2\/product_brand?post=368"},{"taxonomy":"product_cat","embeddable":true,"href":"https:\/\/editora.ufrrj.br\/portal\/wp-json\/wp\/v2\/product_cat?post=368"},{"taxonomy":"product_tag","embeddable":true,"href":"https:\/\/editora.ufrrj.br\/portal\/wp-json\/wp\/v2\/product_tag?post=368"}],"curies":[{"name":"wp","href":"https:\/\/api.w.org\/{rel}","templated":true}]}}