{"id":351,"date":"2016-08-17T13:36:30","date_gmt":"2016-08-17T16:36:30","guid":{"rendered":"http:\/\/editora.ufrrj.br\/?post_type=product&#038;p=351"},"modified":"2023-07-26T10:07:44","modified_gmt":"2023-07-26T13:07:44","slug":"o-jardim-botanico-da-ufrrj-um-pouco-de-sua-historia","status":"publish","type":"product","link":"https:\/\/editora.ufrrj.br\/portal\/produto\/o-jardim-botanico-da-ufrrj-um-pouco-de-sua-historia\/","title":{"rendered":"O Jardim Bot\u00e2nico da UFRRJ: um pouco de sua hist\u00f3ria"},"content":{"rendered":"<p>Autores: Maria Veronica L. P. Moura e Denise Monte Bras (orgs.)<\/p>\n<p>ISBN: 978-85-8067-027-1<\/p>\n<p>Ano, P\u00e1g., Peso: 2012, 100p., 120 gramas<\/p>\n<p>&nbsp;<\/p>\n","protected":false},"excerpt":{"rendered":"<p>Passados trinta e dois anos da cria\u00e7\u00e3o do Jardim Bot\u00e2nico, idealizamos uma publica\u00e7\u00e3o com objetivo de divulgar e registrar a sua hist\u00f3ria. Para elabora\u00e7\u00e3o da publica\u00e7\u00e3o foram convidados professores\/pesquisadores que desenvolveram ou desenvolvem atividades de ensino, pesquisa ou extens\u00e3o. S\u00e3o apresentados artigos sobre a funda\u00e7\u00e3o e o registro, o arboreto, o herb\u00e1rio, as cole\u00e7\u00f5es do orquid\u00e1rio e do bromeli\u00e1rio, a educa\u00e7\u00e3o ambiental e a avifauna. Para finalizar, \u00e9 apresentado um breve relato sobre a vida do agr\u00f4nomo e professor Jos\u00e9 Lab\u00e3o Guimar\u00e3es idealizador e criador do Jardim Bot\u00e2nico. A responsabilidade t\u00e9cnica e as informa\u00e7\u00f5es contidas nos artigos devem-se aos autores que tiveram liberdade para a elabora\u00e7\u00e3o de seus textos.<\/p>\n<p>Com a publica\u00e7\u00e3o pretendemos n\u00e3o s\u00f3 divulgar o Jardim, mas principalmente, contribuir para o reconhecimento da sua import\u00e2ncia pela comunidade universit\u00e1ria.<\/p>\n","protected":false},"featured_media":892,"template":"","meta":{"_acf_changed":false},"product_brand":[],"product_cat":[24],"product_tag":[],"class_list":{"0":"post-351","1":"product","2":"type-product","3":"status-publish","4":"has-post-thumbnail","6":"product_cat-biologia","8":"first","9":"instock","10":"sale","11":"shipping-taxable","12":"purchasable","13":"product-type-simple"},"acf":[],"_links":{"self":[{"href":"https:\/\/editora.ufrrj.br\/portal\/wp-json\/wp\/v2\/product\/351","targetHints":{"allow":["GET"]}}],"collection":[{"href":"https:\/\/editora.ufrrj.br\/portal\/wp-json\/wp\/v2\/product"}],"about":[{"href":"https:\/\/editora.ufrrj.br\/portal\/wp-json\/wp\/v2\/types\/product"}],"wp:featuredmedia":[{"embeddable":true,"href":"https:\/\/editora.ufrrj.br\/portal\/wp-json\/wp\/v2\/media\/892"}],"wp:attachment":[{"href":"https:\/\/editora.ufrrj.br\/portal\/wp-json\/wp\/v2\/media?parent=351"}],"wp:term":[{"taxonomy":"product_brand","embeddable":true,"href":"https:\/\/editora.ufrrj.br\/portal\/wp-json\/wp\/v2\/product_brand?post=351"},{"taxonomy":"product_cat","embeddable":true,"href":"https:\/\/editora.ufrrj.br\/portal\/wp-json\/wp\/v2\/product_cat?post=351"},{"taxonomy":"product_tag","embeddable":true,"href":"https:\/\/editora.ufrrj.br\/portal\/wp-json\/wp\/v2\/product_tag?post=351"}],"curies":[{"name":"wp","href":"https:\/\/api.w.org\/{rel}","templated":true}]}}