{"id":340,"date":"2016-08-16T19:11:18","date_gmt":"2016-08-16T22:11:18","guid":{"rendered":"http:\/\/editora.ufrrj.br\/?post_type=product&#038;p=340"},"modified":"2023-07-26T10:07:33","modified_gmt":"2023-07-26T13:07:33","slug":"o-uso-de-chat-e-de-forum-de-discussao-em-uma-educacao-matematica-inclusiva","status":"publish","type":"product","link":"https:\/\/editora.ufrrj.br\/portal\/produto\/o-uso-de-chat-e-de-forum-de-discussao-em-uma-educacao-matematica-inclusiva\/","title":{"rendered":"O uso de chat e de f\u00f3rum de discuss\u00e3o em uma educa\u00e7\u00e3o matem\u00e1tica inclusiva"},"content":{"rendered":"<p>O prop\u00f3sito desse quinto volume da S\u00e9rie InovaComTic \u00e9 continuar promovendo reflex\u00f5es sobre possibilidades de melhorias nos processos de ensino e de aprendizagem de matem\u00e1tica mediados por tecnologias digitais. Os ambiente virtuais s\u00e3o o foco e a obra foi pensada para educadores interessados em implementar e analisar pr\u00e1ticas formativas mediadas por chat e f\u00f3rum de discuss\u00e3o. Para sustentar a ideia de que \u00e9 poss\u00edvel interagir e aprender nesses cen\u00e1rios os autores socializam experi\u00eancias de forma\u00e7\u00e3o inicial de professores de matem\u00e1tica e com alunos \u201cregulares\u201d, cegos ou surdos. Com a leitura da obra voc\u00ea poder\u00e1 perceber que incluir \u00e9 argumenta, \u00e9 imergir para desatar n\u00f3s em um infinito virtual particular.<\/p>\n<p>Autor: Marcelo Almeida Bairral<\/p>\n<p>ISBN: 978-85-8067-049-3<\/p>\n<p>Volume V \u2013 S\u00e9rie InovaComTic<\/p>\n<p>Ano, Pag., Peso: 2013, 148p., 200 gramas<\/p>\n","protected":false},"excerpt":{"rendered":"<p>Autor: Marcelo Almeida Bairral<\/p>\n","protected":false},"featured_media":899,"template":"","meta":{"_acf_changed":false},"product_brand":[],"product_cat":[22,21],"product_tag":[],"class_list":{"0":"post-340","1":"product","2":"type-product","3":"status-publish","4":"has-post-thumbnail","6":"product_cat-educacao","7":"product_cat-exatas","9":"first","10":"instock","11":"sale","12":"shipping-taxable","13":"purchasable","14":"product-type-simple"},"acf":[],"_links":{"self":[{"href":"https:\/\/editora.ufrrj.br\/portal\/wp-json\/wp\/v2\/product\/340","targetHints":{"allow":["GET"]}}],"collection":[{"href":"https:\/\/editora.ufrrj.br\/portal\/wp-json\/wp\/v2\/product"}],"about":[{"href":"https:\/\/editora.ufrrj.br\/portal\/wp-json\/wp\/v2\/types\/product"}],"wp:featuredmedia":[{"embeddable":true,"href":"https:\/\/editora.ufrrj.br\/portal\/wp-json\/wp\/v2\/media\/899"}],"wp:attachment":[{"href":"https:\/\/editora.ufrrj.br\/portal\/wp-json\/wp\/v2\/media?parent=340"}],"wp:term":[{"taxonomy":"product_brand","embeddable":true,"href":"https:\/\/editora.ufrrj.br\/portal\/wp-json\/wp\/v2\/product_brand?post=340"},{"taxonomy":"product_cat","embeddable":true,"href":"https:\/\/editora.ufrrj.br\/portal\/wp-json\/wp\/v2\/product_cat?post=340"},{"taxonomy":"product_tag","embeddable":true,"href":"https:\/\/editora.ufrrj.br\/portal\/wp-json\/wp\/v2\/product_tag?post=340"}],"curies":[{"name":"wp","href":"https:\/\/api.w.org\/{rel}","templated":true}]}}