{"id":324,"date":"2016-08-16T17:40:40","date_gmt":"2016-08-16T20:40:40","guid":{"rendered":"http:\/\/editora.ufrrj.br\/?post_type=product&#038;p=324"},"modified":"2023-07-26T10:10:04","modified_gmt":"2023-07-26T13:10:04","slug":"questao-agraria-e-politica-autores-pecebistas","status":"publish","type":"product","link":"https:\/\/editora.ufrrj.br\/portal\/produto\/questao-agraria-e-politica-autores-pecebistas\/","title":{"rendered":"Quest\u00e3o Agr\u00e1ria e Pol\u00edtica: autores pecebistas"},"content":{"rendered":"<p>Autor: Raimundo Santos<\/p>\n<p>ISBN:\u00a08585720093<\/p>\n<p>Ano, Pag.: 1996, 201p.<\/p>\n","protected":false},"excerpt":{"rendered":"<p>Raimundo Santos (Autor)<\/p>\n","protected":false},"featured_media":1861,"template":"","meta":{"_acf_changed":false},"product_brand":[],"product_cat":[23],"product_tag":[],"class_list":{"0":"post-324","1":"product","2":"type-product","3":"status-publish","4":"has-post-thumbnail","6":"product_cat-ciencias-sociais-e-politicas","8":"first","9":"outofstock","10":"shipping-taxable","11":"purchasable","12":"product-type-simple"},"acf":[],"_links":{"self":[{"href":"https:\/\/editora.ufrrj.br\/portal\/wp-json\/wp\/v2\/product\/324","targetHints":{"allow":["GET"]}}],"collection":[{"href":"https:\/\/editora.ufrrj.br\/portal\/wp-json\/wp\/v2\/product"}],"about":[{"href":"https:\/\/editora.ufrrj.br\/portal\/wp-json\/wp\/v2\/types\/product"}],"wp:featuredmedia":[{"embeddable":true,"href":"https:\/\/editora.ufrrj.br\/portal\/wp-json\/wp\/v2\/media\/1861"}],"wp:attachment":[{"href":"https:\/\/editora.ufrrj.br\/portal\/wp-json\/wp\/v2\/media?parent=324"}],"wp:term":[{"taxonomy":"product_brand","embeddable":true,"href":"https:\/\/editora.ufrrj.br\/portal\/wp-json\/wp\/v2\/product_brand?post=324"},{"taxonomy":"product_cat","embeddable":true,"href":"https:\/\/editora.ufrrj.br\/portal\/wp-json\/wp\/v2\/product_cat?post=324"},{"taxonomy":"product_tag","embeddable":true,"href":"https:\/\/editora.ufrrj.br\/portal\/wp-json\/wp\/v2\/product_tag?post=324"}],"curies":[{"name":"wp","href":"https:\/\/api.w.org\/{rel}","templated":true}]}}