{"id":307,"date":"2016-08-10T17:36:21","date_gmt":"2016-08-10T17:36:21","guid":{"rendered":"http:\/\/editora.ufrrj.br\/?post_type=product&#038;p=307"},"modified":"2023-07-03T16:25:27","modified_gmt":"2023-07-03T19:25:27","slug":"repensando-a-inclusao-escolar","status":"publish","type":"product","link":"https:\/\/editora.ufrrj.br\/portal\/produto\/repensando-a-inclusao-escolar\/","title":{"rendered":"Repensando a Inclus\u00e3o Escolar"},"content":{"rendered":"<p>Autor: M\u00e1rcia Denise Pletsch<\/p>\n<p>ISBN: 978-85-85936-82-2<\/p>\n<p>Ano, P\u00e1g., Peso: 2010, 208p., 310 gramas<\/p>\n<p><a href=\"http:\/\/institucional.ufrrj.br\/editora\/files\/2013\/02\/repensando2.pdf\" target=\"_blank\" rel=\"noopener\"><img decoding=\"async\" class=\"alignnone size-full wp-image-258\" src=\"https:\/\/editora.ufrrj.br\/portal\/wp-content\/uploads\/2016\/04\/pdf.gif\" alt=\"pdf\" width=\"40\" height=\"14\" \/>Apresenta\u00e7\u00e3o: Repensando a Inclus\u00e3o Escolar<\/a><\/p>\n","protected":false},"excerpt":{"rendered":"<p>Autor: M\u00e1rcia Denise Pletsch<\/p>\n","protected":false},"featured_media":308,"template":"","meta":{"_acf_changed":false},"product_brand":[],"product_cat":[22],"product_tag":[],"class_list":{"0":"post-307","1":"product","2":"type-product","3":"status-publish","4":"has-post-thumbnail","6":"product_cat-educacao","8":"first","9":"outofstock","10":"sale","11":"shipping-taxable","12":"purchasable","13":"product-type-simple"},"acf":[],"_links":{"self":[{"href":"https:\/\/editora.ufrrj.br\/portal\/wp-json\/wp\/v2\/product\/307","targetHints":{"allow":["GET"]}}],"collection":[{"href":"https:\/\/editora.ufrrj.br\/portal\/wp-json\/wp\/v2\/product"}],"about":[{"href":"https:\/\/editora.ufrrj.br\/portal\/wp-json\/wp\/v2\/types\/product"}],"wp:featuredmedia":[{"embeddable":true,"href":"https:\/\/editora.ufrrj.br\/portal\/wp-json\/wp\/v2\/media\/308"}],"wp:attachment":[{"href":"https:\/\/editora.ufrrj.br\/portal\/wp-json\/wp\/v2\/media?parent=307"}],"wp:term":[{"taxonomy":"product_brand","embeddable":true,"href":"https:\/\/editora.ufrrj.br\/portal\/wp-json\/wp\/v2\/product_brand?post=307"},{"taxonomy":"product_cat","embeddable":true,"href":"https:\/\/editora.ufrrj.br\/portal\/wp-json\/wp\/v2\/product_cat?post=307"},{"taxonomy":"product_tag","embeddable":true,"href":"https:\/\/editora.ufrrj.br\/portal\/wp-json\/wp\/v2\/product_tag?post=307"}],"curies":[{"name":"wp","href":"https:\/\/api.w.org\/{rel}","templated":true}]}}