{"id":1587,"date":"2019-10-17T15:06:07","date_gmt":"2019-10-17T18:06:07","guid":{"rendered":"http:\/\/editora.ufrrj.br\/?post_type=product&#038;p=1587"},"modified":"2023-07-14T11:00:43","modified_gmt":"2023-07-14T14:00:43","slug":"imagem-e-mal-estar-na-educacao-do-campo-olhares-sobre-exodos","status":"publish","type":"product","link":"https:\/\/editora.ufrrj.br\/portal\/produto\/imagem-e-mal-estar-na-educacao-do-campo-olhares-sobre-exodos\/","title":{"rendered":"Imagem e Mal-Estar na Educa\u00e7\u00e3o do Campo: Olhares Sobre \u00caxodos"},"content":{"rendered":"<p>Organizadores:\u00a0Lucas Afonso; Monique Lima; Roberta Lobo<\/p>\n<p>ISBN:\u00a0978-85-8067-112-4<\/p>\n<p>Ano: 2019<\/p>\n<p>1\u00aa Edi\u00e7\u00e3o<\/p>\n","protected":false},"excerpt":{"rendered":"<p>Organizadores:\u00a0Lucas Afonso; Monique Lima; Roberta Lobo<\/p>\n","protected":false},"featured_media":1590,"template":"","meta":{"_acf_changed":false},"product_brand":[],"product_cat":[59,85],"product_tag":[],"class_list":{"0":"post-1587","1":"product","2":"type-product","3":"status-publish","4":"has-post-thumbnail","6":"product_cat-ebooks","7":"product_cat-licenciatura-em-educacao-do-campo","9":"first","10":"instock","11":"shipping-taxable","12":"purchasable","13":"product-type-variable"},"acf":[],"_links":{"self":[{"href":"https:\/\/editora.ufrrj.br\/portal\/wp-json\/wp\/v2\/product\/1587","targetHints":{"allow":["GET"]}}],"collection":[{"href":"https:\/\/editora.ufrrj.br\/portal\/wp-json\/wp\/v2\/product"}],"about":[{"href":"https:\/\/editora.ufrrj.br\/portal\/wp-json\/wp\/v2\/types\/product"}],"wp:featuredmedia":[{"embeddable":true,"href":"https:\/\/editora.ufrrj.br\/portal\/wp-json\/wp\/v2\/media\/1590"}],"wp:attachment":[{"href":"https:\/\/editora.ufrrj.br\/portal\/wp-json\/wp\/v2\/media?parent=1587"}],"wp:term":[{"taxonomy":"product_brand","embeddable":true,"href":"https:\/\/editora.ufrrj.br\/portal\/wp-json\/wp\/v2\/product_brand?post=1587"},{"taxonomy":"product_cat","embeddable":true,"href":"https:\/\/editora.ufrrj.br\/portal\/wp-json\/wp\/v2\/product_cat?post=1587"},{"taxonomy":"product_tag","embeddable":true,"href":"https:\/\/editora.ufrrj.br\/portal\/wp-json\/wp\/v2\/product_tag?post=1587"}],"curies":[{"name":"wp","href":"https:\/\/api.w.org\/{rel}","templated":true}]}}