{"id":1159,"date":"2018-06-07T11:36:46","date_gmt":"2018-06-07T14:36:46","guid":{"rendered":"http:\/\/editora.ufrrj.br\/?post_type=product&#038;p=1159"},"modified":"2023-07-14T10:29:21","modified_gmt":"2023-07-14T13:29:21","slug":"leituras-sobre-o-problema-da-conversao-na-antiguidade-e-no-medievo","status":"publish","type":"product","link":"https:\/\/editora.ufrrj.br\/portal\/produto\/leituras-sobre-o-problema-da-conversao-na-antiguidade-e-no-medievo\/","title":{"rendered":"Leituras sobre o Problema da Convers\u00e3o na Antiguidade e no Medievo"},"content":{"rendered":"<p>Organizadores: Nely Feitoza Arrais, Marcos Jos\u00e9 de Ara\u00fajo Caldas, Miriam Cabral Coser, Renata Rozental Sancovsky, Raquel Alvitos Pereira, Lu\u00eds Eduardo Lobianco, Manuel Rolph de Viveiros Cabeceiras e R\u00edvia Silveira Fonseca<\/p>\n<p>ISBN: 978-85-8067-093-6<\/p>\n<p>Ano: 2018<\/p>\n","protected":false},"excerpt":{"rendered":"<p>Organizadores: Nely Feitoza Arrais, Marcos Jos\u00e9 de Ara\u00fajo Caldas, Miriam Cabral Coser, Renata Rozental Sancovsky, Raquel Alvitos Pereira, Lu\u00eds Eduardo Lobianco, Manuel Rolph de Viveiros Cabeceiras e R\u00edvia Silveira Fonseca<\/p>\n","protected":false},"featured_media":1160,"template":"","meta":{"_acf_changed":false},"product_brand":[],"product_cat":[59,19,53,102],"product_tag":[],"class_list":{"0":"post-1159","1":"product","2":"type-product","3":"status-publish","4":"has-post-thumbnail","6":"product_cat-ebooks","7":"product_cat-historia","8":"product_cat-literatura-area","9":"product_cat-serie-instituto-rural","11":"first","12":"instock","13":"shipping-taxable","14":"purchasable","15":"product-type-variable"},"acf":[],"_links":{"self":[{"href":"https:\/\/editora.ufrrj.br\/portal\/wp-json\/wp\/v2\/product\/1159","targetHints":{"allow":["GET"]}}],"collection":[{"href":"https:\/\/editora.ufrrj.br\/portal\/wp-json\/wp\/v2\/product"}],"about":[{"href":"https:\/\/editora.ufrrj.br\/portal\/wp-json\/wp\/v2\/types\/product"}],"wp:featuredmedia":[{"embeddable":true,"href":"https:\/\/editora.ufrrj.br\/portal\/wp-json\/wp\/v2\/media\/1160"}],"wp:attachment":[{"href":"https:\/\/editora.ufrrj.br\/portal\/wp-json\/wp\/v2\/media?parent=1159"}],"wp:term":[{"taxonomy":"product_brand","embeddable":true,"href":"https:\/\/editora.ufrrj.br\/portal\/wp-json\/wp\/v2\/product_brand?post=1159"},{"taxonomy":"product_cat","embeddable":true,"href":"https:\/\/editora.ufrrj.br\/portal\/wp-json\/wp\/v2\/product_cat?post=1159"},{"taxonomy":"product_tag","embeddable":true,"href":"https:\/\/editora.ufrrj.br\/portal\/wp-json\/wp\/v2\/product_tag?post=1159"}],"curies":[{"name":"wp","href":"https:\/\/api.w.org\/{rel}","templated":true}]}}