{"id":6012,"date":"2023-08-21T09:40:12","date_gmt":"2023-08-21T12:40:12","guid":{"rendered":"https:\/\/editora.ufrrj.br\/portal\/?page_id=6012"},"modified":"2023-08-21T09:54:43","modified_gmt":"2023-08-21T12:54:43","slug":"politica-de-privacidade","status":"publish","type":"page","link":"https:\/\/editora.ufrrj.br\/portal\/politica-de-privacidade\/","title":{"rendered":"Pol\u00edtica de Privacidade"},"content":{"rendered":"\n<p><strong>Pol\u00edtica de Privacidade \u2013 Editora da Universidade Federal Rural do Rio de Janeiro (Edur)<\/strong><\/p>\n\n\n\n<p>A Edur, \u00f3rg\u00e3o vinculado \u00e0 Pr\u00f3-Reitoria de Pesquisa e P\u00f3s-Gradua\u00e7\u00e3o da UFFRJ, leva a sua privacidade a s\u00e9rio e zela pela seguran\u00e7a e prote\u00e7\u00e3o de dados de todos os seus clientes.<\/p>\n\n\n\n<p>Esta Pol\u00edtica de Privacidade destina-se a inform\u00e1-lo sobre o modo como n\u00f3s utilizamos as informa\u00e7\u00f5es coletadas em suas visitas \u00e0 nossa loja e em mensagens que trocamos com voc\u00ea.<\/p>\n\n\n\n<p>Esta Pol\u00edtica de Privacidade aplica-se somente a informa\u00e7\u00f5es coletadas por meio da loja.<\/p>\n\n\n\n<p>AO ACESSAR A LOJA, ENVIAR COMUNICA\u00c7\u00d5ES OU FORNECER QUALQUER TIPO DE DADO PESSOAL, VOC\u00ca DECLARA ESTAR CIENTE COM RELA\u00c7\u00c3O AOS TERMOS AQUI PREVISTOS E DE ACORDO COM A POL\u00cdTICA DE PRIVACIDADE, A QUAL DESCREVE AS FINALIDADES E FORMAS DE TRATAMENTO DE SEUS DADOS PESSOAIS QUE VOC\u00ca DISPONIBILIZAR NA LOJA.<\/p>\n\n\n\n<p>Esta Pol\u00edtica de Privacidade fornece uma vis\u00e3o geral de nossas pr\u00e1ticas de privacidade e das escolhas que voc\u00ea pode fazer, bem como direitos que voc\u00ea pode exercer em rela\u00e7\u00e3o aos Dados Pessoais tratados por n\u00f3s. Se voc\u00ea tiver alguma d\u00favida sobre o uso de Dados Pessoais, entre em contato com <a href=\"mailto:edur@ufrrj.br\">edur@ufrrj.br<\/a><\/p>\n\n\n\n<p>Al\u00e9m disso, a Pol\u00edtica de Privacidade n\u00e3o se aplica a quaisquer aplicativos, produtos, servi\u00e7os, site ou  recursos de m\u00eddia social de terceiros que possam ser oferecidos ou acessados por meio da loja. O acesso a esses links far\u00e1 com que voc\u00ea deixe o nosso site e poder\u00e1 resultar na coleta ou compartilhamento de informa\u00e7\u00f5es sobre voc\u00ea por terceiros. N\u00f3s n\u00e3o controlamos, endossamos ou fazemos quaisquer representa\u00e7\u00f5es sobre sites de terceiros ou suas pr\u00e1ticas de privacidade, que podem ser diferentes das nossas. Recomendamos que voc\u00ea revise a pol\u00edtica de privacidade de qualquer site com o qual voc\u00ea interaja antes de permitir a coleta e o uso de seus Dados Pessoais.<\/p>\n\n\n\n<p>Caso voc\u00ea nos envie Dados Pessoais referentes a outras pessoas f\u00edsicas, voc\u00ea declara ter a compet\u00eancia para faz\u00ea-lo e declara ter obtido o consentimento necess\u00e1rio para autorizar o uso de tais informa\u00e7\u00f5es nos termos desta Pol\u00edtica de Privacidade.<\/p>\n\n\n\n<h3 class=\"wp-block-heading\">Se\u00e7\u00e3o 1 &#8211; Defini\u00e7\u00f5es<\/h3>\n\n\n\n<p>Para os fins desta Pol\u00edtica de Privacidade:<\/p>\n\n\n\n<ol class=\"wp-block-list\">\n<li>&#8220;Dados Pessoais&#8221;: significa qualquer informa\u00e7\u00e3o que, direta ou indiretamente, identifique ou possa identificar uma pessoa natural, como por exemplo, nome, CPF, data de nascimento, endere\u00e7o IP, dentre outros;<\/li>\n\n\n\n<li>&#8220;Dados Pessoais Sens\u00edveis&#8221;: significa qualquer informa\u00e7\u00e3o que revele, em rela\u00e7\u00e3o a uma pessoa natural, origem racial ou \u00e9tnica, convic\u00e7\u00e3o religiosa, opini\u00e3o pol\u00edtica, filia\u00e7\u00e3o a sindicato ou a organiza\u00e7\u00e3o de car\u00e1ter religioso, filos\u00f3fico ou pol\u00edtico, dado referente \u00e0 sa\u00fade ou \u00e0 vida sexual, dado gen\u00e9tico ou biom\u00e9trico;<\/li>\n\n\n\n<li>&#8220;Tratamento de Dados Pessoais&#8221;: significa qualquer opera\u00e7\u00e3o efetuada no \u00e2mbito dos Dados Pessoais, por meio de meios autom\u00e1ticos ou n\u00e3o, tal como a recolha, grava\u00e7\u00e3o, organiza\u00e7\u00e3o, estrutura\u00e7\u00e3o, armazenamento, adapta\u00e7\u00e3o ou altera\u00e7\u00e3o, recupera\u00e7\u00e3o, consulta, utiliza\u00e7\u00e3o, divulga\u00e7\u00e3o por transmiss\u00e3o, dissemina\u00e7\u00e3o ou, alternativamente, disponibiliza\u00e7\u00e3o, harmoniza\u00e7\u00e3o ou associa\u00e7\u00e3o, restri\u00e7\u00e3o, elimina\u00e7\u00e3o ou destrui\u00e7\u00e3o. Tamb\u00e9m \u00e9 considerado Tratamento de Dados Pessoais qualquer outra opera\u00e7\u00e3o prevista nos termos da legisla\u00e7\u00e3o aplic\u00e1vel;<\/li>\n\n\n\n<li>&#8220;Leis de Prote\u00e7\u00e3o de Dados&#8221;: significa todas as disposi\u00e7\u00f5es legais que regulam o Tratamento de Dados Pessoais, incluindo, por\u00e9m sem se limitar, a Lei n\u00ba 13.709\/18, Lei Geral de Prote\u00e7\u00e3o de Dados Pessoais (&#8220;LGPD&#8221;).<\/li>\n<\/ol>\n\n\n\n<h3 class=\"wp-block-heading\">Se\u00e7\u00e3o 2 &#8211; Uso de Dados Pessoais<\/h3>\n\n\n\n<p>Coletamos e usamos Dados Pessoais para gerenciar seu relacionamento conosco e melhor atend\u00ea-lo quando voc\u00ea estiver adquirindo produtos e\/ou servi\u00e7os na loja, personalizando e melhorando sua experi\u00eancia. Exemplos de como usamos os dados incluem:<\/p>\n\n\n\n<ol class=\"wp-block-list\">\n<li>Viabilizar que voc\u00ea adquira produtos e\/ou servi\u00e7os na loja;<\/li>\n\n\n\n<li>Para confirmar ou corrigir as informa\u00e7\u00f5es que temos sobre voc\u00ea;<\/li>\n\n\n\n<li>Para enviar informa\u00e7\u00f5es que acreditamos ser do seu interesse;<\/li>\n\n\n\n<li>Para personalizar sua experi\u00eancia de uso da loja;<\/li>\n\n\n\n<li>Para entrarmos em contato por um n\u00famero de telefone e\/ou endere\u00e7o de e-mail fornecido. Podemos entrar em contato com voc\u00ea pessoalmente, por mensagem de voz, atrav\u00e9s de equipamentos de discagem autom\u00e1tica, por mensagens de texto (SMS), por e-mail, ou por qualquer outro meio de comunica\u00e7\u00e3o que seu dispositivo seja capaz de receber, nos termos da lei e para fins comerciais razo\u00e1veis.<\/li>\n<\/ol>\n\n\n\n<p>Al\u00e9m disso, os Dados Pessoais fornecidos tamb\u00e9m podem ser utilizados na forma que julgarmos necess\u00e1ria ou adequada: (a) nos termos das Leis de Prote\u00e7\u00e3o de Dados; (b) para atender exig\u00eancias de processo judicial; (c) para cumprir decis\u00e3o judicial, decis\u00e3o regulat\u00f3ria ou decis\u00e3o de autoridades competentes, incluindo autoridades fora do pa\u00eds de resid\u00eancia; (d) para aplicar nossos Termos e Condi\u00e7\u00f5es de Uso; (e) para proteger nossas opera\u00e7\u00f5es; (f) para proteger direitos, privacidade, seguran\u00e7a nossos, seus ou de terceiros; (g) para detectar e prevenir fraude; (h) permitir-nos usar as a\u00e7\u00f5es dispon\u00edveis ou limitar danos que venhamos a sofrer; e (i) de outros modos permitidos por lei.<\/p>\n\n\n\n<h3 class=\"wp-block-heading\">Se\u00e7\u00e3o 3 &#8211; N\u00e3o fornecimento de Dados Pessoais<\/h3>\n\n\n\n<p>N\u00e3o h\u00e1 obrigatoriedade em compartilhar os Dados Pessoais que solicitamos. No entanto, se voc\u00ea optar por n\u00e3o os compartilhar, em alguns casos, n\u00e3o poderemos fornecer a voc\u00ea acesso completo \u00e0 loja, alguns recursos especializados ou ser capaz de prestar a assist\u00eancia necess\u00e1ria.<\/p>\n\n\n\n<h3 class=\"wp-block-heading\">Se\u00e7\u00e3o 4 &#8211; Dados coletados<\/h3>\n\n\n\n<p>O p\u00fablico em geral poder\u00e1 navegar na loja sem necessidade de qualquer cadastro e envio de Dados Pessoais. No entanto, algumas das funcionalidades da loja poder\u00e3o depender de cadastro e envio de Dados Pessoais como concluir a compra\/contrata\u00e7\u00e3o do servi\u00e7o.<\/p>\n\n\n\n<p><strong>No contato a loja, n\u00f3s podemos coletar:<\/strong><\/p>\n\n\n\n<ol class=\"wp-block-list\">\n<li>Dados de contato: nome, sobrenome, n\u00famero de telefone, endere\u00e7o, cidade, estado e endere\u00e7o de e-mail;<\/li>\n\n\n\n<li>Informa\u00e7\u00f5es enviadas: informa\u00e7\u00f5es que voc\u00ea envia via formul\u00e1rio (d\u00favidas, reclama\u00e7\u00f5es, sugest\u00f5es, cr\u00edticas, elogios etc.).<\/li>\n<\/ol>\n\n\n\n<p><strong>Na navega\u00e7\u00e3o geral na loja, n\u00f3s poderemos coletar:<\/strong><\/p>\n\n\n\n<ol class=\"wp-block-list\">\n<li>Dados de localiza\u00e7\u00e3o: dados de geolocaliza\u00e7\u00e3o quando voc\u00ea acessa a loja;<\/li>\n\n\n\n<li>Prefer\u00eancias: informa\u00e7\u00f5es sobre suas prefer\u00eancias e interesses em rela\u00e7\u00e3o aos produtos\/servi\u00e7os (quando voc\u00ea nos diz o que eles s\u00e3o ou quando os deduzimos do que sabemos sobre voc\u00ea);<\/li>\n\n\n\n<li>Dados de navega\u00e7\u00e3o na loja: informa\u00e7\u00f5es sobre suas visitas e atividades, incluindo o conte\u00fado (e quaisquer an\u00fancios) com os quais voc\u00ea visualiza e interage, informa\u00e7\u00f5es sobre o navegador e o dispositivo que voc\u00ea est\u00e1 usando, seu endere\u00e7o IP, sua localiza\u00e7\u00e3o, o endere\u00e7o do site a partir do qual voc\u00ea chegou. Algumas dessas informa\u00e7\u00f5es s\u00e3o coletadas usando nossas Ferramentas de Coleta Autom\u00e1tica de Dados, que incluem cookies, web beacons e links da web incorporados. Para saber mais, leia como n\u00f3s usamos Ferramentas de Coleta Autom\u00e1tica de Dados na se\u00e7\u00e3o 7 abaixo;<\/li>\n\n\n\n<li>Dados an\u00f4nimos ou agregados: respostas an\u00f4nimas para pesquisas ou informa\u00e7\u00f5es an\u00f4nimas e agregadas sobre como a loja \u00e9 usufru\u00edda. Durante nossas opera\u00e7\u00f5es, em certos casos, aplicamos um processo de desidentifica\u00e7\u00e3o ou pseudonimiza\u00e7\u00e3o aos seus dados para que seja razoavelmente improv\u00e1vel que voc\u00ea identifique voc\u00ea atrav\u00e9s do uso desses dados com a tecnologia dispon\u00edvel;<\/li>\n\n\n\n<li>Outras informa\u00e7\u00f5es que podemos coletar: informa\u00e7\u00f5es que n\u00e3o revelem especificamente a sua identidade ou que n\u00e3o s\u00e3o diretamente relacionadas a um indiv\u00edduo, tais como informa\u00e7\u00f5es sobre navegador e dispositivo; dados de uso da Loja; e informa\u00e7\u00f5es coletadas por meio de cookies, pixel tags e outras tecnologias.<\/li>\n<\/ol>\n\n\n\n<p><strong>N\u00f3s n\u00e3o coletamos Dados Pessoais Sens\u00edveis.<\/strong><\/p>\n\n\n\n<h3 class=\"wp-block-heading\">Se\u00e7\u00e3o 5 &#8211; Seguran\u00e7a dos Dados Pessoais<\/h3>\n\n\n\n<p>Buscamos adotar as medidas t\u00e9cnicas e organizacionais previstas pelas Leis de Prote\u00e7\u00e3o de Dados adequadas para prote\u00e7\u00e3o dos Dados Pessoais na nossa organiza\u00e7\u00e3o. Infelizmente, nenhuma transmiss\u00e3o ou sistema de armazenamento de dados tem a garantia de serem 100% seguros. Caso tenha motivos para acreditar que sua intera\u00e7\u00e3o conosco tenha deixado de ser segura (por exemplo, caso acredite que a seguran\u00e7a de qualquer uma de suas contas foi comprometida), favor nos notificar imediatamente.<\/p>\n\n\n\n<ol class=\"wp-block-list\">\n<li>&#8220;Dados Pessoais&#8221;: significa qualquer informa\u00e7\u00e3o que, direta ou indiretamente, identifique ou possa identificar uma pessoa natural, como por exemplo, nome, CPF, data de nascimento, endere\u00e7o IP, dentre outros;<\/li>\n\n\n\n<li>&#8220;Dados Pessoais Sens\u00edveis&#8221;: significa qualquer informa\u00e7\u00e3o que revele, em rela\u00e7\u00e3o a uma pessoa natural, origem racial ou \u00e9tnica, convic\u00e7\u00e3o religiosa, opini\u00e3o pol\u00edtica, filia\u00e7\u00e3o a sindicato ou a organiza\u00e7\u00e3o de car\u00e1ter religioso, filos\u00f3fico ou pol\u00edtico, dado referente \u00e0 sa\u00fade ou \u00e0 vida sexual, dado gen\u00e9tico ou biom\u00e9trico;<\/li>\n\n\n\n<li>&#8220;Tratamento de Dados Pessoais&#8221;: significa qualquer opera\u00e7\u00e3o efetuada no \u00e2mbito dos Dados Pessoais, por meio de meios autom\u00e1ticos ou n\u00e3o, tal como a recolha, grava\u00e7\u00e3o, organiza\u00e7\u00e3o, estrutura\u00e7\u00e3o, armazenamento, adapta\u00e7\u00e3o ou altera\u00e7\u00e3o, recupera\u00e7\u00e3o, consulta, utiliza\u00e7\u00e3o, divulga\u00e7\u00e3o por transmiss\u00e3o, dissemina\u00e7\u00e3o ou, alternativamente, disponibiliza\u00e7\u00e3o, harmoniza\u00e7\u00e3o ou  associa\u00e7\u00e3o, restri\u00e7\u00e3o, elimina\u00e7\u00e3o ou destrui\u00e7\u00e3o. Tamb\u00e9m \u00e9 considerado Tratamento de Dados Pessoais qualquer outra opera\u00e7\u00e3o prevista nos termos da legisla\u00e7\u00e3o aplic\u00e1vel;<\/li>\n\n\n\n<li>&#8220;Leis de Prote\u00e7\u00e3o de Dados&#8221;: significa todas as disposi\u00e7\u00f5es legais que regulam o Tratamento de Dados Pessoais, incluindo, por\u00e9m sem se limitar, a Lei n\u00ba 13.709\/18, Lei Geral de Prote\u00e7\u00e3o de Dados Pessoais (&#8220;LGPD&#8221;).<br><br><strong>Se\u00e7\u00e3o 2 &#8211; Uso de Dados Pessoais<\/strong><br><br>Coletamos e usamos Dados Pessoais para gerenciar seu relacionamento conosco e melhor atend\u00ea-lo quando voc\u00ea estiver adquirindo produtos e\/ou servi\u00e7os na loja, personalizando e melhorando sua experi\u00eancia. Exemplos de como usamos os dados incluem:<br><\/li>\n\n\n\n<li>Viabilizar que voc\u00ea adquira produtos e\/ou servi\u00e7os na loja;<\/li>\n\n\n\n<li>Para confirmar ou corrigir as informa\u00e7\u00f5es que temos sobre voc\u00ea;<\/li>\n\n\n\n<li>Para enviar informa\u00e7\u00f5es que acreditamos ser do seu interesse;<\/li>\n\n\n\n<li>Para personalizar sua experi\u00eancia de uso da loja;<\/li>\n\n\n\n<li>Para entrarmos em contato por um n\u00famero de telefone e\/ou endere\u00e7o de e-mail fornecido. Podemos entrar em contato com voc\u00ea pessoalmente, por mensagem de voz, atrav\u00e9s de equipamentos de discagem autom\u00e1tica, por mensagens de texto (SMS), por e-mail, ou por qualquer outro meio de comunica\u00e7\u00e3o que seu dispositivo seja capaz de receber, nos termos da lei e para fins  comerciais razo\u00e1veis.<br>Al\u00e9m disso, os Dados Pessoais fornecidos tamb\u00e9m podem ser utilizados na forma que julgarmos  necess\u00e1ria ou adequada: (a) nos termos das Leis de Prote\u00e7\u00e3o de Dados; (b) para atender exig\u00eancias de processo judicial; (c) para cumprir decis\u00e3o judicial, decis\u00e3o regulat\u00f3ria ou decis\u00e3o de autoridades competentes, incluindo autoridades fora do pa\u00eds de resid\u00eancia; (d) para aplicar nossos Termos e Condi\u00e7\u00f5es de Uso; (e) para proteger nossas opera\u00e7\u00f5es; (f) para proteger direitos, privacidade, seguran\u00e7a nossos, seus ou de <\/li>\n\n\n\n<li>terceiros; (g) para detectar e prevenir fraude; (h) permitir-nos usar as a\u00e7\u00f5es dispon\u00edveis<\/li>\n\n\n\n<li>ou limitar danos que venhamos a sofrer; e (i) de outros modos permitidos por lei.<\/li>\n<\/ol>\n\n\n\n<p><strong>Se\u00e7\u00e3o 3 &#8211; N\u00e3o fornecimento de Dados Pessoais<\/strong><br><br>N\u00e3o h\u00e1 obrigatoriedade em compartilhar os Dados Pessoais que solicitamos. No entanto, se voc\u00ea optar por n\u00e3o os compartilhar, em alguns casos, n\u00e3o poderemos fornecer a voc\u00ea acesso completo \u00e0 loja, alguns recursos especializados ou ser capaz de prestar a assist\u00eancia necess\u00e1ria.<br><br><strong>Se\u00e7\u00e3o 4 &#8211; Dados coletados<\/strong><br><br>O p\u00fablico em geral poder\u00e1 navegar na loja sem necessidade de qualquer cadastro e envio de Dados Pessoais. No entanto, algumas das funcionalidades da loja poder\u00e3o depender de cadastro e envio de Dados Pessoais como concluir a compra\/contrata\u00e7\u00e3o do servi\u00e7o.<\/p>\n\n\n\n<p><strong>No contato a loja, n\u00f3s podemos coletar:<\/strong><\/p>\n\n\n\n<ol class=\"wp-block-list\">\n<li>Dados de contato: nome, sobrenome, n\u00famero de telefone, endere\u00e7o, cidade,<br>estado e endere\u00e7o de e-mail;<\/li>\n\n\n\n<li>Informa\u00e7\u00f5es enviadas: informa\u00e7\u00f5es que voc\u00ea envia via formul\u00e1rio (d\u00favidas, reclama\u00e7\u00f5es, sugest\u00f5es, cr\u00edticas, elogios etc.).<br><br><strong>Na navega\u00e7\u00e3o geral na loja, n\u00f3s poderemos coletar:<\/strong><br><\/li>\n\n\n\n<li>Dados de localiza\u00e7\u00e3o: dados de geolocaliza\u00e7\u00e3o quando voc\u00ea acessa a loja;<\/li>\n\n\n\n<li>Prefer\u00eancias: informa\u00e7\u00f5es sobre suas prefer\u00eancias e interesses em rela\u00e7\u00e3o aos produtos\/servi\u00e7os (quando voc\u00ea nos diz o que eles s\u00e3o ou quando os deduzimos do que sabemos sobre voc\u00ea);<\/li>\n\n\n\n<li>Dados de navega\u00e7\u00e3o na loja: informa\u00e7\u00f5es sobre suas visitas e atividades, incluindo o conte\u00fado (e quaisquer an\u00fancios) com os quais voc\u00ea visualiza e interage, informa\u00e7\u00f5es sobre o navegador e o dispositivo que voc\u00ea est\u00e1 usando, seu endere\u00e7o IP, sua localiza\u00e7\u00e3o, o endere\u00e7o do site a partir do qual voc\u00ea chegou. Algumas dessas informa\u00e7\u00f5es s\u00e3o coletadas usando nossas Ferramentas de Coleta Autom\u00e1tica de Dados, que incluem cookies, web beacons e links da web incorporados. Para saber mais, leia como n\u00f3s usamos Ferramentas de Coleta Autom\u00e1tica de Dados na se\u00e7\u00e3o 7 abaixo;<\/li>\n\n\n\n<li>Dados an\u00f4nimos ou agregados: respostas an\u00f4nimas para pesquisas ou informa\u00e7\u00f5es an\u00f4nimas e agregadas sobre como a loja \u00e9 usufru\u00edda. Durante nossas opera\u00e7\u00f5es, em certos casos, aplicamos um processo de desidentifica\u00e7\u00e3o ou pseudonimiza\u00e7\u00e3o aos seus dados para que seja razoavelmente improv\u00e1vel que voc\u00ea identifique voc\u00ea atrav\u00e9s do uso desses dados com a tecnologia dispon\u00edvel;<\/li>\n\n\n\n<li>Outras informa\u00e7\u00f5es que podemos coletar: informa\u00e7\u00f5es que n\u00e3o revelem especificamente a sua identidade ou que n\u00e3o s\u00e3o diretamente relacionadas a um indiv\u00edduo, tais como informa\u00e7\u00f5es sobre navegador e dispositivo; dados de uso da Loja; e informa\u00e7\u00f5es coletadas por meio de cookies, pixel tags e outras tecnologias.<br><br><strong>N\u00f3s n\u00e3o coletamos Dados Pessoais Sens\u00edveis.<\/strong><br><br><strong>Se\u00e7\u00e3o 5 &#8211; Seguran\u00e7a dos Dados Pessoais<\/strong><br><br>Buscamos adotar as medidas t\u00e9cnicas e organizacionais previstas pelas Leis de Prote\u00e7\u00e3o de Dados adequadas para prote\u00e7\u00e3o dos Dados Pessoais na nossa organiza\u00e7\u00e3o. Infelizmente, nenhuma transmiss\u00e3o ou sistema de armazenamento de dados tem a garantia de serem 100% seguros. Caso tenha motivos para acreditar que sua intera\u00e7\u00e3o conosco tenha deixado de ser segura (por exemplo, caso acredite que a seguran\u00e7a de qualquer uma de suas contas foi comprometida), favor nos notificar imediatamente.<\/li>\n<\/ol>\n","protected":false},"excerpt":{"rendered":"<p>Pol\u00edtica de Privacidade \u2013 Editora da Universidade Federal Rural do Rio de Janeiro (Edur) A Edur, \u00f3rg\u00e3o vinculado \u00e0 Pr\u00f3-Reitoria de Pesquisa e P\u00f3s-Gradua\u00e7\u00e3o da UFFRJ, leva a sua privacidade a s\u00e9rio e zela pela seguran\u00e7a e prote\u00e7\u00e3o de dados de todos os seus clientes. Esta Pol\u00edtica de Privacidade destina-se a inform\u00e1-lo sobre o modo [&hellip;]<\/p>\n","protected":false},"author":3,"featured_media":0,"parent":0,"menu_order":0,"comment_status":"closed","ping_status":"closed","template":"","meta":{"_acf_changed":false,"footnotes":""},"class_list":["post-6012","page","type-page","status-publish","hentry"],"acf":[],"_links":{"self":[{"href":"https:\/\/editora.ufrrj.br\/portal\/wp-json\/wp\/v2\/pages\/6012","targetHints":{"allow":["GET"]}}],"collection":[{"href":"https:\/\/editora.ufrrj.br\/portal\/wp-json\/wp\/v2\/pages"}],"about":[{"href":"https:\/\/editora.ufrrj.br\/portal\/wp-json\/wp\/v2\/types\/page"}],"author":[{"embeddable":true,"href":"https:\/\/editora.ufrrj.br\/portal\/wp-json\/wp\/v2\/users\/3"}],"replies":[{"embeddable":true,"href":"https:\/\/editora.ufrrj.br\/portal\/wp-json\/wp\/v2\/comments?post=6012"}],"version-history":[{"count":0,"href":"https:\/\/editora.ufrrj.br\/portal\/wp-json\/wp\/v2\/pages\/6012\/revisions"}],"wp:attachment":[{"href":"https:\/\/editora.ufrrj.br\/portal\/wp-json\/wp\/v2\/media?parent=6012"}],"curies":[{"name":"wp","href":"https:\/\/api.w.org\/{rel}","templated":true}]}}