{"id":3454,"date":"2020-11-11T12:10:39","date_gmt":"2020-11-11T15:10:39","guid":{"rendered":"http:\/\/editora.ufrrj.br\/?page_id=3454"},"modified":"2020-11-11T15:45:05","modified_gmt":"2020-11-11T18:45:05","slug":"demanda-continua","status":"publish","type":"page","link":"https:\/\/editora.ufrrj.br\/portal\/demanda-continua\/","title":{"rendered":"Demanda cont\u00ednua"},"content":{"rendered":"<p>A publica\u00e7\u00e3o por demanda cont\u00ednua \u00e9 indicada para obras submetidas fora do prazo do edital ou para as obras que n\u00e3o se enquadrem nas tem\u00e1ticas e formatos estabelecidos pelas <a href=\"https:\/\/editora.ufrrj.br\/portal\/editais-de-submissao\/\" target=\"_blank\" rel=\"noopener\">s\u00e9ries<\/a> que foram definidas pelo Conselho Editorial da Edur como priorit\u00e1rias, tendo submiss\u00e3o dispon\u00edvel apenas durante vig\u00eancia dos <a href=\"https:\/\/editora.ufrrj.br\/portal\/editais-de-submissao\/\" target=\"_blank\" rel=\"noopener\">editais<\/a> anuais. O processo de publica\u00e7\u00e3o, por\u00e9m, \u00e9 o mesmo.<\/p>\n<p>As obras devem ser enviadas por meio de nosso <a href=\"http:\/\/institucional.ufrrj.br\/submissao-de-obras\/\" target=\"_blank\" rel=\"noopener\">formul\u00e1rio de submiss\u00e3o<\/a>. Ap\u00f3s o recebimento por parte da Editora, \u00e9 feita uma avalia\u00e7\u00e3o pr\u00e9via do conte\u00fado e formata\u00e7\u00e3o que resulta na emiss\u00e3o de pareceres, analisados, ent\u00e3o, pelo Conselho Editorial, que decidir\u00e1 pela publica\u00e7\u00e3o ou n\u00e3o. Com a aprova\u00e7\u00e3o do original para publica\u00e7\u00e3o, a Edur assume todo o processo editorial, como revis\u00e3o textual e confec\u00e7\u00e3o da capa, por exemplo.<\/p>\n<p>Embora haja flexibiliza\u00e7\u00e3o em rela\u00e7\u00e3o \u00e0s obras publicadas via edital, os autores que tenham interesse na publica\u00e7\u00e3o por demanda cont\u00ednua devem atentar-se aos seguintes fatores:<\/p>\n<p>Quanto \u00e0s tem\u00e1ticas das obras:<br \/>\n\u2013 A Edur tem como objetivo produzir material bibliogr\u00e1fico acad\u00eamico, voltado para ensino, pesquisa e extens\u00e3o, de autoria de pesquisadores externos ou vinculados \u00e0 pr\u00f3pria Universidade.<\/p>\n<p>Quanto aos originais, eles devem:<br \/>\n\u2013 Conter apenas o t\u00edtulo do trabalho, sem quaisquer outras identifica\u00e7\u00f5es;<br \/>\n\u2013 Ser in\u00e9ditos, ou seja, n\u00e3o podem ter sido publicados (com ISBN) anteriormente;<br \/>\n\u2013 Atender rigorosamente \u00e0s normas de apresenta\u00e7\u00e3o dispon\u00edveis aqui.<\/p>\n<p>Quanto \u00e0 aprova\u00e7\u00e3o:<br \/>\n\u2013 A Edur prioriza as obras recebidas por meio de edital anual. Caso a obra a ser submetida enquadre-se em alguma das s\u00e9ries definidas pelo Conselho Editorial, \u00e9 mais indicado que o autor envie-a durante vig\u00eancia do edital. Lembramos que todas as informa\u00e7\u00f5es referentes aos editais s\u00e3o amplamente divulgadas em nosso site e <a href=\"https:\/\/editora.ufrrj.br\/portal\/redes-sociais\/\" target=\"_blank\" rel=\"noopener\">redes sociais<\/a>.<\/p>\n<p><strong>Conhe\u00e7a as outras formas de publica\u00e7\u00e3o:<\/strong><\/p>\n<p><a href=\"https:\/\/editora.ufrrj.br\/portal\/editais-de-submissao\/\" target=\"_blank\" rel=\"noopener\">Via edital<\/a><\/p>\n<p><a href=\"https:\/\/editora.ufrrj.br\/portal\/cessao-de-logo\/\" target=\"_blank\" rel=\"noopener\">Via cess\u00e3o de logo<\/a><\/p>\n","protected":false},"excerpt":{"rendered":"<p>A publica\u00e7\u00e3o por demanda cont\u00ednua \u00e9 indicada para obras submetidas fora do prazo do edital ou para as obras que n\u00e3o se enquadrem nas tem\u00e1ticas e formatos estabelecidos pelas s\u00e9ries que foram definidas pelo Conselho Editorial da Edur como priorit\u00e1rias, tendo submiss\u00e3o dispon\u00edvel apenas durante vig\u00eancia dos editais anuais. O processo de publica\u00e7\u00e3o, por\u00e9m, \u00e9 [&hellip;]<\/p>\n","protected":false},"author":2,"featured_media":0,"parent":0,"menu_order":0,"comment_status":"closed","ping_status":"closed","template":"","meta":{"_acf_changed":false,"footnotes":""},"class_list":["post-3454","page","type-page","status-publish","hentry"],"acf":[],"_links":{"self":[{"href":"https:\/\/editora.ufrrj.br\/portal\/wp-json\/wp\/v2\/pages\/3454","targetHints":{"allow":["GET"]}}],"collection":[{"href":"https:\/\/editora.ufrrj.br\/portal\/wp-json\/wp\/v2\/pages"}],"about":[{"href":"https:\/\/editora.ufrrj.br\/portal\/wp-json\/wp\/v2\/types\/page"}],"author":[{"embeddable":true,"href":"https:\/\/editora.ufrrj.br\/portal\/wp-json\/wp\/v2\/users\/2"}],"replies":[{"embeddable":true,"href":"https:\/\/editora.ufrrj.br\/portal\/wp-json\/wp\/v2\/comments?post=3454"}],"version-history":[{"count":0,"href":"https:\/\/editora.ufrrj.br\/portal\/wp-json\/wp\/v2\/pages\/3454\/revisions"}],"wp:attachment":[{"href":"https:\/\/editora.ufrrj.br\/portal\/wp-json\/wp\/v2\/media?parent=3454"}],"curies":[{"name":"wp","href":"https:\/\/api.w.org\/{rel}","templated":true}]}}

Demanda contínua

<p>A publicação por demanda contínua é indicada para obras submetidas fora do prazo do edital ou para as obras que não se enquadrem nas temáticas e formatos estabelecidos pelas <a href="https://editora.ufrrj.br/portal/editais-de-submissao/" target="_blank" rel="noopener">séries</a> que foram definidas pelo Conselho Editorial da Edur como prioritárias, tendo submissão disponível apenas durante vigência dos <a href="https://editora.ufrrj.br/portal/editais-de-submissao/" target="_blank" rel="noopener">editais</a> anuais. O processo de publicação, porém, é o mesmo.</p>
<p>As obras devem ser enviadas por meio de nosso <a href="http://institucional.ufrrj.br/submissao-de-obras/" target="_blank" rel="noopener">formulário de submissão</a>. Após o recebimento por parte da Editora, é feita uma avaliação prévia do conteúdo e formatação que resulta na emissão de pareceres, analisados, então, pelo Conselho Editorial, que decidirá pela publicação ou não. Com a aprovação do original para publicação, a Edur assume todo o processo editorial, como revisão textual e confecção da capa, por exemplo.</p>
<p>Embora haja flexibilização em relação às obras publicadas via edital, os autores que tenham interesse na publicação por demanda contínua devem atentar-se aos seguintes fatores:</p>
<p>Quanto às temáticas das obras:<br />
– A Edur tem como objetivo produzir material bibliográfico acadêmico, voltado para ensino, pesquisa e extensão, de autoria de pesquisadores externos ou vinculados à própria Universidade.</p>
<p>Quanto aos originais, eles devem:<br />
– Conter apenas o título do trabalho, sem quaisquer outras identificações;<br />
– Ser inéditos, ou seja, não podem ter sido publicados (com ISBN) anteriormente;<br />
– Atender rigorosamente às normas de apresentação disponíveis aqui.</p>
<p>Quanto à aprovação:<br />
– A Edur prioriza as obras recebidas por meio de edital anual. Caso a obra a ser submetida enquadre-se em alguma das séries definidas pelo Conselho Editorial, é mais indicado que o autor envie-a durante vigência do edital. Lembramos que todas as informações referentes aos editais são amplamente divulgadas em nosso site e <a href="https://editora.ufrrj.br/portal/redes-sociais/" target="_blank" rel="noopener">redes sociais</a>.</p>
<p><strong>Conheça as outras formas de publicação:</strong></p>
<p><a href="https://editora.ufrrj.br/portal/editais-de-submissao/" target="_blank" rel="noopener">Via edital</a></p>
<p><a href="https://editora.ufrrj.br/portal/cessao-de-logo/" target="_blank" rel="noopener">Via cessão de logo</a></p>

<p>A publicação por demanda contínua é indicada para obras submetidas fora do prazo do edital ou para as obras que não se enquadrem nas temáticas e formatos estabelecidos pelas séries que foram definidas pelo Conselho Editorial da Edur como prioritárias, tendo submissão disponível apenas durante vigência dos editais anuais. O processo de publicação, porém, é [&hellip;]</p>
