{"id":3451,"date":"2020-11-11T12:02:01","date_gmt":"2020-11-11T15:02:01","guid":{"rendered":"http:\/\/editora.ufrrj.br\/?page_id=3451"},"modified":"2020-11-11T15:43:42","modified_gmt":"2020-11-11T18:43:42","slug":"cessao-de-logo","status":"publish","type":"page","link":"https:\/\/editora.ufrrj.br\/portal\/cessao-de-logo\/","title":{"rendered":"Cess\u00e3o de logo"},"content":{"rendered":"<p>A Edur tem por pol\u00edtica ceder sua logomarca a autores que requisitam cess\u00e3o para obras junto ao Conselho Editorial. A solicita\u00e7\u00e3o deve ser feita por meio de nosso <a href=\"http:\/\/institucional.ufrrj.br\/submissao-de-obras\/\" target=\"_blank\" rel=\"noopener\">formul\u00e1rio de submiss\u00e3o<\/a>. Ap\u00f3s o recebimento da obra via formul\u00e1rio, o material \u00e9 submetido ao Conselho Editorial. S\u00e3o emitidos pareceres, e por meio deles \u00e9 decidida a publica\u00e7\u00e3o ou n\u00e3o do original.<\/p>\n<p>Nessa forma de publica\u00e7\u00e3o, o autor fica respons\u00e1vel pelo processo de edi\u00e7\u00e3o da obra, como revis\u00e3o textual, confec\u00e7\u00e3o de capa e diagrama\u00e7\u00e3o, atendendo, se poss\u00edvel, as normas disponibilizadas aqui. O ISBN \u00e9 registrado pela editora, por\u00e9m, a taxa de registro \u00e9 paga pelo autor por meio de boleto (para mais informa\u00e7\u00f5es, <a href=\"https:\/\/servicos.cbl.org.br\/precos\/\" target=\"_blank\" rel=\"noopener\">clique aqui<\/a>). A ficha catalogr\u00e1fica \u00e9 confeccionada pela Edur, sem custos.<\/p>\n<p>A obra \u00e9 disponibilizada em nosso site e divulgada em <a href=\"https:\/\/editora.ufrrj.br\/portal\/redes-sociais\/\" target=\"_blank\" rel=\"noopener\">redes sociais<\/a>. A venda e\/ou disponibiliza\u00e7\u00e3o gratuita em outros meios fica a crit\u00e9rio do autor. No caso de livros em formato f\u00edsico, o autor compromete-se a enviar 10% da tiragem \u00e0 Edur, em cada impress\u00e3o, enquanto vigente o contrato.<\/p>\n<p><strong>Conhe\u00e7a outras formas de publica\u00e7\u00e3o<\/strong>:<\/p>\n<p><a href=\"https:\/\/editora.ufrrj.br\/portal\/redes-sociais\/\" target=\"_blank\" rel=\"noopener\">Via edital<\/a><\/p>\n<p><a href=\"https:\/\/editora.ufrrj.br\/portal\/demanda-continua\/\" target=\"_blank\" rel=\"noopener\">Via demanda cont\u00ednua<\/a><\/p>\n","protected":false},"excerpt":{"rendered":"<p>A Edur tem por pol\u00edtica ceder sua logomarca a autores que requisitam cess\u00e3o para obras junto ao Conselho Editorial. A solicita\u00e7\u00e3o deve ser feita por meio de nosso formul\u00e1rio de submiss\u00e3o. Ap\u00f3s o recebimento da obra via formul\u00e1rio, o material \u00e9 submetido ao Conselho Editorial. S\u00e3o emitidos pareceres, e por meio deles \u00e9 decidida a [&hellip;]<\/p>\n","protected":false},"author":2,"featured_media":0,"parent":0,"menu_order":0,"comment_status":"closed","ping_status":"closed","template":"","meta":{"_acf_changed":false,"footnotes":""},"class_list":["post-3451","page","type-page","status-publish","hentry"],"acf":[],"_links":{"self":[{"href":"https:\/\/editora.ufrrj.br\/portal\/wp-json\/wp\/v2\/pages\/3451","targetHints":{"allow":["GET"]}}],"collection":[{"href":"https:\/\/editora.ufrrj.br\/portal\/wp-json\/wp\/v2\/pages"}],"about":[{"href":"https:\/\/editora.ufrrj.br\/portal\/wp-json\/wp\/v2\/types\/page"}],"author":[{"embeddable":true,"href":"https:\/\/editora.ufrrj.br\/portal\/wp-json\/wp\/v2\/users\/2"}],"replies":[{"embeddable":true,"href":"https:\/\/editora.ufrrj.br\/portal\/wp-json\/wp\/v2\/comments?post=3451"}],"version-history":[{"count":0,"href":"https:\/\/editora.ufrrj.br\/portal\/wp-json\/wp\/v2\/pages\/3451\/revisions"}],"wp:attachment":[{"href":"https:\/\/editora.ufrrj.br\/portal\/wp-json\/wp\/v2\/media?parent=3451"}],"curies":[{"name":"wp","href":"https:\/\/api.w.org\/{rel}","templated":true}]}}