{"id":2298,"date":"2020-07-06T13:23:59","date_gmt":"2020-07-06T16:23:59","guid":{"rendered":"http:\/\/editora.ufrrj.br\/?page_id=2298"},"modified":"2020-07-06T13:45:40","modified_gmt":"2020-07-06T16:45:40","slug":"regimento-interno-da-editora-da-ufrrj","status":"publish","type":"page","link":"https:\/\/editora.ufrrj.br\/portal\/a-editora\/regimento-interno-da-editora-da-ufrrj\/","title":{"rendered":"Regimento Interno da Editora da UFRRJ"},"content":{"rendered":"<p style=\"text-align: center;\"><strong>UNIVERSIDADE FEDERAL RURAL DO RIO DE JANEIRO<\/strong><br \/>\n<strong>PR\u00d3-REITORIA DE PESQUISA E P\u00d3S-GRADUA\u00c7\u00c3O<\/strong><br \/>\n<strong>REGIMENTO DA EDITORA DA UFRRJ &#8211; EDUR<\/strong><\/p>\n<p style=\"text-align: left;\"><strong>Art. 1\u00b0<\/strong> &#8211; Este Regimento organiza e estrutura a Editora da Universidade Federal Rural do Rio de Janeiro (Edur), bem como disciplina o seu funcionamento.<\/p>\n<p style=\"text-align: center;\"><strong>CAP\u00cdTULO I<\/strong><br \/>\n<strong>Da Natureza e das Finalidades<\/strong><\/p>\n<p style=\"text-align: left;\"><strong>Art. 2\u00b0<\/strong> &#8211; A Edur \u00e9 um \u00f3rg\u00e3o de divulga\u00e7\u00e3o cient\u00edfica da Universidade Federal Rural do Rio de Janeiro (UFRRJ), vinculado \u00e0 Pr\u00f3-Reitoria de Pesquisa e P\u00f3s-Gradua\u00e7\u00e3o, que tem como objetivo produzir material bibliogr\u00e1fico acad\u00eamico, voltado para ensino, pesquisa e extens\u00e3o, de autoria de pesquisadores externos ou vinculados \u00e0 pr\u00f3pria Universidade.<\/p>\n<p style=\"text-align: left;\"><strong>Art. 3\u00b0<\/strong> &#8211; \u00c0 Editora da Universidade Federal Rural do Rio de Janeiro compete:<br \/>\nI &#8211; Incentivar, avaliar, publicar e promover a produ\u00e7\u00e3o cultural, cient\u00edfica e tecnol\u00f3gica da UFRRJ e da sociedade de acordo com sua pol\u00edtica editorial;<br \/>\nII &#8211; Promover publica\u00e7\u00f5es de excel\u00eancia de interesse da Universidade e da sociedade;<br \/>\nIII &#8211; Estimular e apoiar a publica\u00e7\u00e3o de textos atualizados (inclusive tradu\u00e7\u00f5es) para todos os n\u00edveis de ensino;<br \/>\nIV &#8211; Promover e gerenciar a divulga\u00e7\u00e3o, a distribui\u00e7\u00e3o e a comercializa\u00e7\u00e3o de publica\u00e7\u00f5es;<br \/>\nV &#8211; Propor contratos e parcerias com institui\u00e7\u00f5es p\u00fablicas e privadas para o desenvolvimento de atividades editoriais.<\/p>\n<p style=\"text-align: center;\"><strong>CAP\u00cdTULO II<\/strong><br \/>\n<strong>Da Organiza\u00e7\u00e3o<\/strong><\/p>\n<p style=\"text-align: left;\"><strong>Art. 4\u00b0<\/strong> &#8211; Comp\u00f5em a estrutura administrativa da Editora da Universidade Federal Rural do Rio de Janeiro (Edur):<br \/>\nI &#8211; Conselho Editorial;<br \/>\nII &#8211; Coordena\u00e7\u00e3o do Conselho Editorial;<br \/>\nIII &#8211; Coordena\u00e7\u00e3o Administrativa.<\/p>\n<p style=\"text-align: center;\"><strong>Sess\u00e3o I<\/strong><br \/>\n<strong>Do Conselho Editorial<\/strong><\/p>\n<p style=\"text-align: left;\"><strong>Art. 5\u00b0<\/strong> &#8211; O Conselho Editorial \u00e9 um \u00f3rg\u00e3o de natureza deliberativa, constitu\u00eddo por 9 (nove) docentes integrantes do quadro permanente da UFRRJ, dentre os quais, ser\u00e1 nomeado(a) um(a) Coordenador(a).<br \/>\nPar\u00e1grafo \u00fanico \u2013 O Conselho Editorial poder\u00e1 ser assessorado no cumprimento das suas atribui\u00e7\u00f5es por t\u00e9cnicos administrativos e docentes inativos, visitantes, volunt\u00e1rios e colaboradores com reconhecida experi\u00eancia na \u00e1rea.<\/p>\n<p style=\"text-align: left;\"><strong>Art. 6\u00ba<\/strong> &#8211; Os membros referidos no artigo anterior ser\u00e3o indicados e nomeados pelo Pr\u00f3-Reitor de Pesquisa e P\u00f3s-Gradua\u00e7\u00e3o, com base em consulta realizada junto aos programas de P\u00f3s-Gradua\u00e7\u00e3o e a outros segmentos da comunidade acad\u00eamica.<br \/>\nI &#8211; Os membros de que trata o caput ser\u00e3o indicados para integrar o Conselho Editorial por um per\u00edodo de dois anos, prorrog\u00e1veis por igual per\u00edodo, mediante homologa\u00e7\u00e3o do Pr\u00f3-Reitor de Pesquisa e P\u00f3s-Gradua\u00e7\u00e3o.<br \/>\nII &#8211; Perder\u00e1 o mandato o membro que faltar a mais de tr\u00eas reuni\u00f5es consecutivas, sem justa causa, a ju\u00edzo dos membros do Conselho Editorial.<br \/>\nIII &#8211; Havendo vac\u00e2ncia de quaisquer dos membros indicados para integrar o Conselho Editorial, competir\u00e1 ao Pr\u00f3-Reitor de Pesquisa e P\u00f3s-Gradua\u00e7\u00e3o indicar o novo membro.<\/p>\n<p style=\"text-align: left;\"><strong>Art. 7\u00ba<\/strong> &#8211; Compete ao Conselho Editorial:<br \/>\nI &#8211; formular as diretrizes e a pol\u00edtica editorial da Edur;<br \/>\nII &#8211; acompanhar e avaliar periodicamente as diretrizes e a pol\u00edtica editorial da Edur;<br \/>\nIII &#8211; analisar e decidir sobre as propostas de edi\u00e7\u00e3o e coedi\u00e7\u00e3o de originais recebidos;<br \/>\nIV &#8211; indicar pareceristas para a avalia\u00e7\u00e3o dos originais recebidos;<\/p>\n<p style=\"text-align: left;\"><strong>Art. 8\u00ba<\/strong> &#8211; Compete aos membros do Conselho Editorial:<br \/>\nI &#8211; comparecer \u00e0s reuni\u00f5es do Conselho Editorial;<br \/>\nII &#8211; emitir parecer fundamentado sobre trabalhos encaminhados \u00e0 Edur;<br \/>\nIII &#8211; colaborar com o Coordenador do Conselho Editorial na indica\u00e7\u00e3o de pareceristas;<br \/>\nIV &#8211; solicitar a designa\u00e7\u00e3o de especialista para a aprecia\u00e7\u00e3o do trabalho que deva relatar, quando julgar conveniente;<br \/>\nV &#8211; votar nas delibera\u00e7\u00f5es sobre os pareceres dos Relatores e demais materiais de compet\u00eancia do Conselho Editorial.<br \/>\nVI &#8211; exercer fun\u00e7\u00f5es de representa\u00e7\u00e3o da Editora, em caso de impedimento do Coordenador do Conselho Editorial e a seu pedido.<br \/>\nVII &#8211; zelar pelas boas pr\u00e1ticas de conduta \u00e9tica e cient\u00edfica.<br \/>\nPar\u00e1grafo \u00fanico: \u00e9 vedado aos membros do Conselho Editorial divulgar informa\u00e7\u00f5es sobre editais ainda em elabora\u00e7\u00e3o e nomes de autores e pareceristas de obras submetidas \u00e0 Edur.<\/p>\n<p style=\"text-align: left;\"><strong>Art. 9\u00ba<\/strong> &#8211; O Conselho Editorial se reunir\u00e1, ordinariamente, a cada m\u00eas, e extraordinariamente quando convocado pelo Coordenador do Conselho Editorial.<br \/>\nI &#8211; O in\u00edcio das reuni\u00f5es se dar\u00e1 mediante constata\u00e7\u00e3o da presen\u00e7a da maioria simples dos membros que o integram.<br \/>\nII &#8211; As delibera\u00e7\u00f5es do Conselho dar-se-\u00e3o por maioria de votos dos membros presentes.<br \/>\nIII &#8211; N\u00e3o havendo reuni\u00e3o ordin\u00e1ria ou extraordin\u00e1ria por falta de n\u00famero, ser\u00e1 convocada nova reuni\u00e3o, observado o intervalo de 48 horas.<br \/>\nIV &#8211; A convoca\u00e7\u00e3o de reuni\u00e3o extraordin\u00e1ria ser\u00e1 feita com 24 horas de anteced\u00eancia.<br \/>\nV &#8211; A autoria dos pareceres de m\u00e9rito sobre as obras apresentadas ao Conselho Editorial ter\u00e1 car\u00e1ter sigiloso.<br \/>\nVI &#8211; As vota\u00e7\u00f5es do Conselho Editorial ser\u00e3o abertas.<br \/>\nVII &#8211; Os conselheiros bem como o Coordenador do Conselho Editorial n\u00e3o poder\u00e3o apresentar obras de sua autoria, ou que delas participem, durante a vig\u00eancia de sua gest\u00e3o.<br \/>\nVIII &#8211; De cada reuni\u00e3o ser\u00e1 lavrada uma ata que ser\u00e1 submetida \u00e0 aprova\u00e7\u00e3o na reuni\u00e3o seguinte, devendo ser assinada pelo Coordenador do Conselho Editorial e pelo Coordenador da Edur.<\/p>\n<p style=\"text-align: left;\"><strong>Art. 10<\/strong> &#8211; O Conselho Editorial poder\u00e1, por decis\u00e3o da maioria de seus membros, criar e manter Comiss\u00f5es Editoriais, \u00e0s quais delegar\u00e1 a tarefa de organizar cole\u00e7\u00f5es ou s\u00e9ries aprovadas pelo Conselho.<br \/>\nI &#8211; A cada semestre, em reuni\u00e3o especificamente marcada para essa finalidade, o Conselho Editorial decidir\u00e1 pela cria\u00e7\u00e3o ou manuten\u00e7\u00e3o das Comiss\u00f5es Editoriais e definir\u00e1 o n\u00famero m\u00ednimo e m\u00e1ximo de t\u00edtulos a publicar em cada s\u00e9rie ou cole\u00e7\u00e3o ao longo do ano.<br \/>\nII &#8211; O funcionamento das Comiss\u00f5es Editoriais obedecer\u00e1 \u00e0s mesmas regras de funcionamento do Conselho Editorial, sendo imprescind\u00edvel o parecer de m\u00e9rito acad\u00eamico, bem como a aprova\u00e7\u00e3o de cada t\u00edtulo em reuni\u00e3o formal\u00a0devidamente registrada em ata.<br \/>\nIII &#8211; Cada Comiss\u00e3o Editorial ser\u00e1 formada preferencialmente por 3 (tr\u00eas) membros.<br \/>\nIV &#8211; Pelo menos um dos integrantes de cada Comiss\u00e3o Editorial ser\u00e1 membro do Conselho Editorial.<\/p>\n<p style=\"text-align: center;\"><strong>Sess\u00e3o II<\/strong><br \/>\n<strong>Do Coordenador do Conselho Editorial<\/strong><\/p>\n<p style=\"text-align: left;\"><strong>Art. 11<\/strong> &#8211; A Coordena\u00e7\u00e3o do Conselho Editorial ser\u00e1 ocupada por um coordenador, designado pelo Pr\u00f3-Reitor de Pesquisa e P\u00f3s-Gradua\u00e7\u00e3o.<\/p>\n<p style=\"text-align: left;\"><strong>Art. 12<\/strong> &#8211; Ao Coordenador do Conselho Editorial compete:<br \/>\nI &#8211; convocar e presidir as reuni\u00f5es do Conselho Editorial;<br \/>\nII &#8211; submeter \u00e0 aprecia\u00e7\u00e3o do Conselho Editorial os assuntos referentes \u00e0s publica\u00e7\u00f5es da Edur;<br \/>\nIII &#8211; cumprir e fazer cumprir as delibera\u00e7\u00f5es do Conselho Editorial;<br \/>\nIV &#8211; designar, em conjunto com o Conselho Editorial, o membro que atuar\u00e1 como relator para a an\u00e1lise de trabalhos encaminhados \u00e0 Edur;<br \/>\nV &#8211; representar a Edur no \u00e2mbito de sua compet\u00eancia;<br \/>\nVI &#8211; supervisionar as atividades das unidades executivas da Edur;<br \/>\nVII &#8211; coordenar a execu\u00e7\u00e3o das tarefas de edi\u00e7\u00e3o, distribui\u00e7\u00e3o e comercializa\u00e7\u00e3o das obras publicadas pela Edur;<br \/>\nVIII &#8211; promover gest\u00f5es junto a editoras p\u00fablicas ou privadas para coedi\u00e7\u00f5es e distribui\u00e7\u00e3o de obras;<br \/>\nIX &#8211; elaborar, anualmente, em conjunto com o Conselho Editorial, proposta de or\u00e7amento a ser submetida \u00e0 PROPPG;<br \/>\nX &#8211; supervisionar a elabora\u00e7\u00e3o do relat\u00f3rio anual de gest\u00e3o da Edur;<br \/>\nXI &#8211; analisar e aprovar a proposta de pre\u00e7os e descontos apresentada pelo Coordenador Administrativo da Edur a serem fixados para as publica\u00e7\u00f5es da Edur;<br \/>\nXII &#8211; articular interna e externamente a\u00e7\u00f5es necess\u00e1rias para o pleno e eficaz funcionamento da Edur;<br \/>\nXIII &#8211; praticar os demais atos inerentes \u00e0 compet\u00eancia do \u00f3rg\u00e3o sob sua dire\u00e7\u00e3o.<\/p>\n<p style=\"text-align: center;\"><strong>Sess\u00e3o III<\/strong><br \/>\n<strong>Da Coordena\u00e7\u00e3o Administrativa<\/strong><\/p>\n<p style=\"text-align: left;\"><strong>Art. 13<\/strong> \u2013 A Coordena\u00e7\u00e3o Administrativa possui fun\u00e7\u00e3o executiva, sendo respons\u00e1vel pela assessoria, planejamento, execu\u00e7\u00e3o e controle das atividades administrativas, financeiras, comerciais e contratuais da Edur, estando incumbida ainda da supervis\u00e3o, planejamento e execu\u00e7\u00e3o do processo de sua produ\u00e7\u00e3o editorial.<\/p>\n<p style=\"text-align: left;\"><strong>Art. 14<\/strong> \u2013 Compete \u00e0 Cordena\u00e7\u00e3o Administrativa, al\u00e9m de outras atribui\u00e7\u00f5es que venham ser determinadas pelo Coordenador do Conselho Editorial:<br \/>\nI &#8211; secretariar as reuni\u00f5es do Conselho Editorial e assessorar o Coordenador do Conselho Editorial nessas e em outras reuni\u00f5es da Edur;<br \/>\nII &#8211; gerenciar informa\u00e7\u00f5es, auxiliando na execu\u00e7\u00e3o de tarefas administrativas;<br \/>\nIII &#8211; planejar e organizar os servi\u00e7os de atendimento interno e externo;<br \/>\nIV &#8211; informar o Coordenador do Conselho Editorial sobre a escala de f\u00e9rias, afastamento e demais situa\u00e7\u00f5es dos servidores da unidade;<br \/>\nV &#8211; controlar o fluxo de entrada e sa\u00edda de documentos administrativos e financeiros, bem como o seu arquivamento;<br \/>\nVI &#8211; prover e administrar os recursos materiais para o bom funcionamento da Edur, realizando, inclusive, o registro e controle da carga patrimonial.<br \/>\nVII &#8211; assessorar o Coordenador do Conselho Editorial, prestando informa\u00e7\u00f5es e esclarecimentos sobre os procedimentos e normas administrativas e financeiras;<br \/>\nVIII &#8211; analisar e conferir as notas fiscais referentes \u00e0 venda de livros;<br \/>\nIX &#8211; coordenar os processos de produ\u00e7\u00e3o dos livros e demais obras, incluindo revis\u00e3o, diagrama\u00e7\u00e3o, cria\u00e7\u00e3o de capa e envio de material para as gr\u00e1ficas;<br \/>\nX &#8211; propor e acompanhar o projeto gr\u00e1fico e a arte final das publica\u00e7\u00f5es e material de divulga\u00e7\u00e3o;<br \/>\nXI &#8211; intermediar a emiss\u00e3o de ISBN;<br \/>\nXII &#8211; fomentar, acompanhar e controlar a comercializa\u00e7\u00e3o de obras pelos diferentes meios;<br \/>\nXIII &#8211; controlar e organizar os estoques dispon\u00edveis.<\/p>\n<p style=\"text-align: center;\"><strong>CAP\u00cdTULO III<\/strong><br \/>\n<strong>Das disposi\u00e7\u00f5es finais e transit\u00f3rias<\/strong><\/p>\n<p style=\"text-align: left;\"><strong>Art. 15<\/strong> &#8211; Qualquer altera\u00e7\u00e3o no presente Regimento dever\u00e1 ser aprovada por, no m\u00ednimo, dois ter\u00e7os dos membros do Conselho Editorial, devendo, ainda, ser homologada pelo Coordenador do Conselho Editorial para, em seguida, tramitar pelos \u00d3rg\u00e3os Superiores da Universidade.<\/p>\n<p style=\"text-align: left;\"><strong>Art. 16<\/strong> &#8211; Os casos omissos e as d\u00favidas referentes \u00e0 aplica\u00e7\u00e3o desse Regimento Interno ser\u00e3o resolvidos em primeira inst\u00e2ncia pelo Conselho Editorial e, em segunda inst\u00e2ncia, pelo Pr\u00f3-Reitor de Pesquisa e P\u00f3s-Gradua\u00e7\u00e3o.<\/p>\n<p style=\"text-align: left;\"><strong>Art. 17<\/strong> &#8211; O presente Regimento Interno entra em vigor na data de sua aprova\u00e7\u00e3o pelo Conselho de Ensino, Pesquisa e Exten\u00e7\u00e3o (CEPE) e ser\u00e1 disponibilizado, na \u00edntegra, na p\u00e1gina digital oficial da UFRRJ.<\/p>\n","protected":false},"excerpt":{"rendered":"<p>UNIVERSIDADE FEDERAL RURAL DO RIO DE JANEIRO PR\u00d3-REITORIA DE PESQUISA E P\u00d3S-GRADUA\u00c7\u00c3O REGIMENTO DA EDITORA DA UFRRJ &#8211; EDUR Art. 1\u00b0 &#8211; Este Regimento organiza e estrutura a Editora da Universidade Federal Rural do Rio de Janeiro (Edur), bem como disciplina o seu funcionamento. CAP\u00cdTULO I Da Natureza e das Finalidades Art. 2\u00b0 &#8211; A [&hellip;]<\/p>\n","protected":false},"author":2,"featured_media":0,"parent":39,"menu_order":0,"comment_status":"closed","ping_status":"closed","template":"","meta":{"_acf_changed":false,"footnotes":""},"class_list":["post-2298","page","type-page","status-publish","hentry"],"acf":[],"_links":{"self":[{"href":"https:\/\/editora.ufrrj.br\/portal\/wp-json\/wp\/v2\/pages\/2298","targetHints":{"allow":["GET"]}}],"collection":[{"href":"https:\/\/editora.ufrrj.br\/portal\/wp-json\/wp\/v2\/pages"}],"about":[{"href":"https:\/\/editora.ufrrj.br\/portal\/wp-json\/wp\/v2\/types\/page"}],"author":[{"embeddable":true,"href":"https:\/\/editora.ufrrj.br\/portal\/wp-json\/wp\/v2\/users\/2"}],"replies":[{"embeddable":true,"href":"https:\/\/editora.ufrrj.br\/portal\/wp-json\/wp\/v2\/comments?post=2298"}],"version-history":[{"count":0,"href":"https:\/\/editora.ufrrj.br\/portal\/wp-json\/wp\/v2\/pages\/2298\/revisions"}],"up":[{"embeddable":true,"href":"https:\/\/editora.ufrrj.br\/portal\/wp-json\/wp\/v2\/pages\/39"}],"wp:attachment":[{"href":"https:\/\/editora.ufrrj.br\/portal\/wp-json\/wp\/v2\/media?parent=2298"}],"curies":[{"name":"wp","href":"https:\/\/api.w.org\/{rel}","templated":true}]}}