{"id":2224,"date":"2020-05-19T11:51:06","date_gmt":"2020-05-19T14:51:06","guid":{"rendered":"http:\/\/editora.ufrrj.br\/?page_id=2224"},"modified":"2022-05-16T15:04:23","modified_gmt":"2022-05-16T18:04:23","slug":"editais-de-submissao","status":"publish","type":"page","link":"https:\/\/editora.ufrrj.br\/portal\/editais-de-submissao\/","title":{"rendered":"Editais de submiss\u00e3o"},"content":{"rendered":"<p>Visando difundir a atual pol\u00edtica editorial e dar mais transpar\u00eancia \u00e0 edi\u00e7\u00e3o de livros, a Edur lan\u00e7a anualmente editais a fim de regulamentar a pol\u00edtica de submiss\u00e3o de originais. Os editais buscam atender \u00e0 miss\u00e3o de preservar o pensamento humano, com o objetivo de registrar e transmitir o conhecimento produzido pela Universidade, com o compromisso de desenvolver a produ\u00e7\u00e3o cient\u00edfica, t\u00e9cnica, filos\u00f3fica e art\u00edstica, por meio da publica\u00e7\u00e3o de livros em diversas \u00e1reas do conhecimento, primordialmente de car\u00e1ter did\u00e1tico, cient\u00edfico e liter\u00e1rio, al\u00e9m de obras relacionadas diretamente \u00e0 hist\u00f3ria da UFRRJ e seu entorno.<\/p>\n<p>Todas as informa\u00e7\u00f5es referentes aos editais s\u00e3o publicados no site e <a href=\"https:\/\/editora.ufrrj.br\/portal\/redes-sociais\/\" target=\"_blank\" rel=\"noopener noreferrer\">redes sociais<\/a>.<\/p>\n<p>&nbsp;<\/p>\n<p style=\"padding-left: 60px;\"><a href=\"https:\/\/editora.ufrrj.br\/novo-edital-de-submissao-de-originais-para-publicacao-de-e-book-pela-edur-2\/\" target=\"_blank\" rel=\"noopener noreferrer\">Edital 2021<\/a><\/p>\n<p style=\"padding-left: 60px;\"><a href=\"https:\/\/editora.ufrrj.br\/portal\/edital-de-submissao-de-originais-para-publicacao-de-e-book-pela-edur-2020\/\" target=\"_blank\" rel=\"noopener noreferrer\">Edital 2020<\/a><\/p>\n<p style=\"padding-left: 60px;\"><a href=\"https:\/\/editora.ufrrj.br\/portal\/novo-edital-de-submissao-de-originais-para-publicacao-de-e-book-pela-edur\/\" target=\"_blank\" rel=\"noopener noreferrer\">Edital 2019<\/a><\/p>\n<p>&nbsp;<\/p>\n<p><img fetchpriority=\"high\" decoding=\"async\" class=\"aligncenter size-full wp-image-1805\" src=\"https:\/\/editora.ufrrj.br\/portal\/wp-content\/uploads\/2019\/12\/tempsnip.png\" alt=\"\" width=\"451\" height=\"150\" srcset=\"https:\/\/editora.ufrrj.br\/portal\/wp-content\/uploads\/2019\/12\/tempsnip.png 451w, https:\/\/editora.ufrrj.br\/portal\/wp-content\/uploads\/2019\/12\/tempsnip-416x138.png 416w, https:\/\/editora.ufrrj.br\/portal\/wp-content\/uploads\/2019\/12\/tempsnip-300x100.png 300w\" sizes=\"(max-width: 451px) 100vw, 451px\" \/><\/p>\n<p>O Conselho Editorial da\u00a0Edur definiu as seguintes s\u00e9ries abaixo listadas como prioridade para publica\u00e7\u00e3o, as quais ficar\u00e3o dispon\u00edveis para submiss\u00e3o durante o per\u00edodo de vig\u00eancia dos <a href=\"https:\/\/editora.ufrrj.br\/portal\/editais-de-submissao\/\">editais<\/a> anuais.<\/p>\n<p>&nbsp;<\/p>\n<p><strong>S\u00e9rie Instituto Rural<\/strong>: esta s\u00e9rie prev\u00ea a publica\u00e7\u00e3o de obras coletivas organizadas a partir de uma tem\u00e1tica espec\u00edfica e atual. A obra deve ser organizada de modo a que os cap\u00edtulos tenham liga\u00e7\u00e3o, n\u00e3o caracterizando apenas uma compila\u00e7\u00e3o de artigos isolados. Ao menos um dos organizadores precisa pertencer ao quadro docente da UFRRJ. Os autores dos cap\u00edtulos, preferencialmente, devem ter titula\u00e7\u00e3o de doutor. Em caso de coautoria, basta que um dos autores tenha a titula\u00e7\u00e3o. A obra pode ter de 6 (seis) a 12 (doze) cap\u00edtulos. A obra deve ter aproximadamente 60% de autores externos e 40% de autores vinculados \u00e0 UFRRJ. O objetivo desta s\u00e9rie \u00e9 a difus\u00e3o cient\u00edfica.<\/p>\n<p><strong>S\u00e9rie Ementas<\/strong>: esta s\u00e9rie prev\u00ea a publica\u00e7\u00e3o de obras que atendam a demandas de disciplinas ministradas em n\u00edvel de gradua\u00e7\u00e3o na UFRRJ. A obra pode ter um \u00fanico autor ou ser obra coletiva.<\/p>\n<p><strong>S\u00e9rie Rural em Foco<\/strong>: esta s\u00e9rie contempla obras que abordem a UFRRJ em seus mais diversos aspectos.<\/p>\n<p><strong>S\u00e9rie Cl\u00e1ssicos<\/strong>: esta s\u00e9rie objetiva a publica\u00e7\u00e3o\/adapta\u00e7\u00e3o de cl\u00e1ssicos da literatura e s\u00e3o previstas ilustra\u00e7\u00f5es por meio de projeto de extens\u00e3o desenvolvido junto \u00e0 Edur, bem como coment\u00e1rios e observa\u00e7\u00f5es cr\u00edticas feitas pelo proponente.<\/p>\n<p><strong>S\u00e9rie Teses<\/strong>: esta s\u00e9rie prev\u00ea a publica\u00e7\u00e3o de obras oriundas de pesquisas cient\u00edficas de excel\u00eancia que tenham significativa demanda de p\u00fablico leitor. Em caso de teses, n\u00e3o ser\u00e3o aceitos trabalhos no formato acad\u00eamico. Adapta\u00e7\u00f5es na estrutura e na linguagem s\u00e3o necess\u00e1rias.<\/p>\n<p><strong>S\u00e9rie Tradu\u00e7\u00f5es<\/strong>: esta s\u00e9rie prev\u00ea a submiss\u00e3o de tradu\u00e7\u00f5es de obras de relev\u00e2ncia em diferentes \u00e1reas do conhecimento que ainda n\u00e3o foram publicadas em portugu\u00eas. O proponente precisa submeter c\u00f3pia das primeiras 30 (trinta) p\u00e1ginas dos originais em l\u00edngua estrangeira (espanhol, ingl\u00eas, franc\u00eas, italiano ou alem\u00e3o) e as 30 (trinta) primeiras p\u00e1ginas traduzidas, com prop\u00f3sito de avalia\u00e7\u00e3o. Sendo selecionada a obra, o proponente ter\u00e1 um prazo de 90 (noventa) dias ap\u00f3s a publica\u00e7\u00e3o do resultado deste edital para entregar todo o material traduzido. Junto aos originais, o proponente precisa submeter texto em que justifique a relev\u00e2ncia da tradu\u00e7\u00e3o, explore o car\u00e1ter comercial da obra (exist\u00eancia de p\u00fablico leitor interessado), al\u00e9m de assinar declara\u00e7\u00e3o de que det\u00e9m os direitos de tradu\u00e7\u00e3o.<\/p>\n<p><strong>Conhe\u00e7a outras formas de publica\u00e7\u00e3o:<\/strong><\/p>\n<p><a href=\"https:\/\/editora.ufrrj.br\/portal\/demanda-continua\/\" target=\"_blank\" rel=\"noopener noreferrer\">Via demanda cont\u00ednua<\/a><\/p>\n<p><a href=\"https:\/\/editora.ufrrj.br\/portal\/cessao-de-logo\/\" target=\"_blank\" rel=\"noopener noreferrer\">Via cess\u00e3o de logo<\/a><\/p>\n","protected":false},"excerpt":{"rendered":"<p>Visando difundir a atual pol\u00edtica editorial e dar mais transpar\u00eancia \u00e0 edi\u00e7\u00e3o de livros, a Edur lan\u00e7a anualmente editais a fim de regulamentar a pol\u00edtica de submiss\u00e3o de originais. Os editais buscam atender \u00e0 miss\u00e3o de preservar o pensamento humano, com o objetivo de registrar e transmitir o conhecimento produzido pela Universidade, com o compromisso [&hellip;]<\/p>\n","protected":false},"author":2,"featured_media":0,"parent":0,"menu_order":0,"comment_status":"closed","ping_status":"closed","template":"","meta":{"_acf_changed":false,"footnotes":""},"class_list":["post-2224","page","type-page","status-publish","hentry"],"acf":[],"_links":{"self":[{"href":"https:\/\/editora.ufrrj.br\/portal\/wp-json\/wp\/v2\/pages\/2224","targetHints":{"allow":["GET"]}}],"collection":[{"href":"https:\/\/editora.ufrrj.br\/portal\/wp-json\/wp\/v2\/pages"}],"about":[{"href":"https:\/\/editora.ufrrj.br\/portal\/wp-json\/wp\/v2\/types\/page"}],"author":[{"embeddable":true,"href":"https:\/\/editora.ufrrj.br\/portal\/wp-json\/wp\/v2\/users\/2"}],"replies":[{"embeddable":true,"href":"https:\/\/editora.ufrrj.br\/portal\/wp-json\/wp\/v2\/comments?post=2224"}],"version-history":[{"count":0,"href":"https:\/\/editora.ufrrj.br\/portal\/wp-json\/wp\/v2\/pages\/2224\/revisions"}],"wp:attachment":[{"href":"https:\/\/editora.ufrrj.br\/portal\/wp-json\/wp\/v2\/media?parent=2224"}],"curies":[{"name":"wp","href":"https:\/\/api.w.org\/{rel}","templated":true}]}}